NOAA-Style Climate Reports

Select a Year or Month report
2021: Jan Feb Mar Apr May Jun Jul Aug Sep Oct Nov Dec
2020: Jan Feb Mar Apr May Jun Jul Aug Sep Oct Nov Dec
2019: Jan Feb Mar Apr May Jun Jul Aug Sep Oct Nov Dec
2018: Jan Feb Mar Apr May Jun Jul Aug Sep Oct Nov Dec
2017: Jan Feb Mar Apr May Jun Jul Aug Sep Oct Nov Dec
2016: Jan Feb Mar Apr May Jun Jul Aug Sep Oct Nov Dec
2015: Jan Feb Mar Apr May Jun Jul Aug Sep Oct Nov Dec
2014: Jan Feb Mar Apr May Jun Jul Aug Sep Oct Nov Dec
2013: Jan Feb Mar Apr May Jun Jul Aug Sep Oct Nov Dec
2012: Jan Feb Mar Apr May Jun Jul Aug Sep Oct Nov Dec
2011: Jan Feb Mar Apr May Jun Jul Aug Sep Oct Nov Dec
2010: Jan Feb Mar Apr May Jun Jul Aug Sep Oct Nov Dec
2009: Jan Feb Mar Apr May Jun Jul Aug Sep Oct Nov Dec
2008: Jan Feb Mar Apr May Jun Jul Aug Sep Oct Nov Dec
2007: Jan Feb Mar Apr May Jun Jul Aug Sep Oct Nov Dec
2006: Jan Feb Mar Apr May Jun Jul Aug Sep Oct Nov Dec
2005: Jan Feb Mar Apr May Jun Jul Aug Sep Oct Nov Dec
2004: Jan Feb Mar Apr May Jun Jul Aug Sep Oct Nov Dec

Report for 2015 December
                  MONTHLY CLIMATOLOGICAL SUMMARY FOR 12/2015
                                        HEAT  COOL        
     MEAN                               DEG   DEG       WIND SPEED       DOM MEAN  MEAN
DAY  TEMP  HIGH   TIME     LOW   TIME   DAYS  DAYS RAIN AVG  HI  TIME    DIR BAROM HUM
---------------------------------------------------------------------------------------
1    54.6  68.6  12:17pm  41.3   6:57am   10    0  0.00   1   9  12:44pm  SW 30.10   65
2
3    57.9  72.1   2:30pm  45.4   7:00am    8    1  0.00   1   9   5:00pm SSW 30.05   73
4    55.7  66.1   3:09pm  47.0   5:12am    9    0  0.01   1   7   1:30pm   S 30.09   90
5    57.8  76.2   2:39pm  44.0   6:43am    9    2  0.01   0   8  12:54pm   W 30.19   78
6    58.4  75.1   1:48pm  47.0   6:44am    8    1  0.00   1   9   3:33pm  SW 30.18   70
7    58.6  75.7   1:27pm  46.0   4:10am    8    2  0.00   1  10   3:30pm WSW 30.09   70
8    60.6  76.1   1:48pm  48.6   4:47am    6    2  0.00   1   6  10:25am  SW 30.03   72
9    60.6  72.2   1:22pm  50.7   6:43am    5    1  0.00   1   6  11:53am   S 30.01   84
10   59.8  65.8   1:29pm  53.9   5:52am    5    0  0.07   1  15  11:55pm   S 29.97   93
11   59.5  62.8   1:00pm  54.6  11:55pm    5    0  0.05   6  31   1:48pm   W 29.83   65
12   53.3  64.8   1:39pm  40.1   6:46am   11    0  0.00   1   9   1:59pm   S 29.98   67
13   55.2  65.2   1:07pm  43.4   6:39am   10    0  0.10   3  24  11:12pm   S 30.03   78
14   52.6  61.1   1:49pm  42.4  11:58pm   10    0  0.00   4  27  10:27am WNW 29.95   50
15   48.4  62.9   1:02pm  36.4   7:05am   14    0  0.00   1  13   1:12pm   W 30.02   59
16   52.3  62.5  12:14pm  43.7   7:16am   12    0  0.00   2  15   3:17am   W 30.15   43
17   51.5  64.0  12:21pm  39.4   6:13am   14    0  0.00   1  10   1:10pm WSW 30.16   71
18   53.9  69.0   1:30pm  40.6   6:43am   11    1  0.00   1   9  12:45pm WSW 30.04   73
19   54.0  64.1  12:43pm  43.6   5:18am   11    0  0.25   2  16   8:05pm WSW 29.97   86
20   52.8  60.3   3:05pm  44.7   7:05am   11    0  0.00   1  11  12:39am WSW 30.14   79
21   53.1  62.6  12:15pm  42.4   3:59am   11    0  0.03   1  10  12:17pm  SW 30.14   85
22   60.3  61.8  12:54pm  58.6  12:00am    4    0  0.27   5  20   8:44am WSW 29.85   97
23   58.4  64.5  12:05pm  50.6  11:49pm    6    0  0.00   1  11  12:09pm  SW 29.78   87
24   54.0  62.3  12:07pm  44.9   7:03am   11    0  0.00   2  18   9:39pm   W 29.95   77
25   53.5  59.6   1:12pm  45.7  11:47pm   11    0  0.00   5  20   2:26pm WNW 30.07   49
26   53.3  60.7  10:30am  40.2   7:00am    8    0  0.00   3  23  12:00am   W 30.20   26
27   51.7  61.0   1:21pm  39.5   7:18am   13    0  0.00   2  23  12:00am   E 30.18   35
28   47.9  57.8  12:29pm  38.2   2:49am   17    0  0.00   1  11  11:42am   W 29.93   73
29   48.1  59.2   1:04pm  37.1   7:05am   17    0  0.00   1  11  11:53am   S 30.00   76
30   49.7  62.2   1:57pm  37.6   6:11am   15    0  0.00   1   9  12:17pm   W 30.15   76
31   52.0  65.2  12:26pm  38.6   5:09am   12    0  0.00   1  11   2:41pm   W 30.09   59
---------------------------------------------------------------------------------------
TOT  54.7  76.5  12/2/15  36.4 12/15/15  304   11  0.79   2  29 12/26/15   W 30.05   70

HEAT BASE: 65.0
COOL BASE: 65.0