NOAA-Style Climate Reports

Select a Year or Month report
2021: Jan Feb Mar Apr May Jun Jul Aug Sep Oct Nov Dec
2020: Jan Feb Mar Apr May Jun Jul Aug Sep Oct Nov Dec
2019: Jan Feb Mar Apr May Jun Jul Aug Sep Oct Nov Dec
2018: Jan Feb Mar Apr May Jun Jul Aug Sep Oct Nov Dec
2017: Jan Feb Mar Apr May Jun Jul Aug Sep Oct Nov Dec
2016: Jan Feb Mar Apr May Jun Jul Aug Sep Oct Nov Dec
2015: Jan Feb Mar Apr May Jun Jul Aug Sep Oct Nov Dec
2014: Jan Feb Mar Apr May Jun Jul Aug Sep Oct Nov Dec
2013: Jan Feb Mar Apr May Jun Jul Aug Sep Oct Nov Dec
2012: Jan Feb Mar Apr May Jun Jul Aug Sep Oct Nov Dec
2011: Jan Feb Mar Apr May Jun Jul Aug Sep Oct Nov Dec
2010: Jan Feb Mar Apr May Jun Jul Aug Sep Oct Nov Dec
2009: Jan Feb Mar Apr May Jun Jul Aug Sep Oct Nov Dec
2008: Jan Feb Mar Apr May Jun Jul Aug Sep Oct Nov Dec
2007: Jan Feb Mar Apr May Jun Jul Aug Sep Oct Nov Dec
2006: Jan Feb Mar Apr May Jun Jul Aug Sep Oct Nov Dec
2005: Jan Feb Mar Apr May Jun Jul Aug Sep Oct Nov Dec
2004: Jan Feb Mar Apr May Jun Jul Aug Sep Oct Nov Dec

Report for 2016 January
                  MONTHLY CLIMATOLOGICAL SUMMARY FOR 1/2016
                                        HEAT  COOL        
     MEAN                               DEG   DEG       WIND SPEED       DOM MEAN  MEAN
DAY  TEMP  HIGH   TIME     LOW   TIME   DAYS  DAYS RAIN AVG  HI  TIME    DIR BAROM HUM
---------------------------------------------------------------------------------------
1    52.3  64.9  12:58pm  39.0   7:21am   12    0  0.00   1   8  11:49am  SW 30.09   52
2    50.9  63.5   2:46pm  40.2   7:08am   14    0  0.00   1   9   1:28pm  SW 30.07   75
3    53.2  62.0   1:59pm  42.0   6:43am   11    0  0.00   1  15   3:30pm SSE 29.95   82
4    59.1  66.9  10:52am  54.3   4:47am    6    0  0.00   1  13  12:37pm   S 29.79   79
5    57.1  59.4   7:41am  55.0   8:48pm    8    0  0.92   5  21  10:09am   W 29.85   91
6    54.0  59.0   9:37am  50.5   6:47am   11    0  0.96   3  22  12:10pm   W 29.95   91
7    53.9  58.9   1:42pm  47.8  11:59pm   10    0  0.04   3  22   2:38pm   W 29.91   82
8    50.4  59.6   1:21pm  40.8   7:10am   14    0  0.01   1  12  12:18pm  SW 30.04   80
9    52.2  61.1  11:33am  42.3   3:53am   13    0  0.00   1   9   1:37pm   S 30.19   82
10   55.7  61.4   1:49pm  50.6   6:02am    9    0  0.00   1   7  12:26am   W 30.18   83
11   54.8  67.1  12:16pm  45.3   7:08am   10    0  0.01   1  12  12:52pm WNW 30.24   74
12   50.8  64.4  11:01am  38.6   7:06am   14    0  0.00   1  21   3:12pm   S 30.19   75
13   52.5  64.0  12:44pm  40.5   7:10am   12    0  0.00   1  11   1:11pm   W 30.14   85
14   55.6  63.7   1:58pm  49.2   4:12am    8    0  0.01   1  13  11:16am   W 30.10   90
15   55.1  61.3   3:00pm  48.2   6:32am   10    0  0.00   2  11   3:16pm SSE 30.09   93
16   56.9  65.5   1:29pm  50.5   6:08am    8    0  0.00   1  11   1:44pm  SW 30.15   91
17   56.2  67.2   2:50pm  48.4   4:37am    8    0  0.01   1  11   1:00pm   W 30.16   94
18   58.6  63.2  11:44am  52.8  12:20am    6    0  0.00   2  11   2:20pm   W 30.18   93
19   58.5  64.0   1:34pm  52.9   7:08am    6    0  0.03   1  12   2:45pm   W 30.19   94
20   59.9  67.0  12:39pm  52.9  11:40pm    5    0  0.01   1   9   1:17pm SSE 30.19   95
21   59.8  73.1  12:24pm  52.8  12:19am    6    1  0.00   1   8   1:55pm  SW 30.16   84
22   58.6  67.8   1:03pm  53.0  12:47am    6    0  0.01   1   9   1:33pm   W 30.10   89
23   56.3  63.1   4:03pm  52.1  11:55pm    8    0  0.00   1  11   2:42pm   W 30.03   93
24   54.6  63.8   2:23pm  46.7   7:07am   10    0  0.01   1  11  11:30am   S 30.07   85
25   55.8  67.0   2:05pm  45.1   7:05am    9    0  0.00   1  10   2:45pm  SW 30.09   79
26   60.8  71.8   1:50pm  49.2  11:58pm    5    1  0.00   2  12   7:02am  NE 30.19   46
27   54.2  69.9   2:31pm  43.9   5:11am   11    0  0.00   0   8   4:06pm   S 30.22   66
28   55.7  68.0   1:33pm  44.5   7:15am    9    0  0.00   1  12   2:46pm   S 30.14   73
29   56.4  65.1   1:22pm  46.2   6:52am    8    0  0.00   1  11   2:25pm SSE 30.05   86
30   58.1  63.1  11:11am  52.8  12:47am    6    0  0.05   1  10   3:51pm   S 30.01   95
31   56.7  60.2  12:05pm  52.7  11:52pm    7    0  0.12   8  35   2:54pm   S 29.83   83
---------------------------------------------------------------------------------------
TOT  55.6  73.1  1/21/16  38.6  1/12/16  281    4  2.19   2  35  1/31/16   W 30.08   83

HEAT BASE: 65.0
COOL BASE: 65.0