NOAA-Style Climate Reports

Select a Year or Month report
2021: Jan Feb Mar Apr May Jun Jul Aug Sep Oct Nov Dec
2020: Jan Feb Mar Apr May Jun Jul Aug Sep Oct Nov Dec
2019: Jan Feb Mar Apr May Jun Jul Aug Sep Oct Nov Dec
2018: Jan Feb Mar Apr May Jun Jul Aug Sep Oct Nov Dec
2017: Jan Feb Mar Apr May Jun Jul Aug Sep Oct Nov Dec
2016: Jan Feb Mar Apr May Jun Jul Aug Sep Oct Nov Dec
2015: Jan Feb Mar Apr May Jun Jul Aug Sep Oct Nov Dec
2014: Jan Feb Mar Apr May Jun Jul Aug Sep Oct Nov Dec
2013: Jan Feb Mar Apr May Jun Jul Aug Sep Oct Nov Dec
2012: Jan Feb Mar Apr May Jun Jul Aug Sep Oct Nov Dec
2011: Jan Feb Mar Apr May Jun Jul Aug Sep Oct Nov Dec
2010: Jan Feb Mar Apr May Jun Jul Aug Sep Oct Nov Dec
2009: Jan Feb Mar Apr May Jun Jul Aug Sep Oct Nov Dec
2008: Jan Feb Mar Apr May Jun Jul Aug Sep Oct Nov Dec
2007: Jan Feb Mar Apr May Jun Jul Aug Sep Oct Nov Dec
2006: Jan Feb Mar Apr May Jun Jul Aug Sep Oct Nov Dec
2005: Jan Feb Mar Apr May Jun Jul Aug Sep Oct Nov Dec
2004: Jan Feb Mar Apr May Jun Jul Aug Sep Oct Nov Dec

Report for 2016 February
                  MONTHLY CLIMATOLOGICAL SUMMARY FOR 2/2016
                                        HEAT  COOL        
     MEAN                               DEG   DEG       WIND SPEED       DOM MEAN  MEAN
DAY  TEMP  HIGH   TIME     LOW   TIME   DAYS  DAYS RAIN AVG  HI  TIME    DIR BAROM HUM
---------------------------------------------------------------------------------------
1    52.7  60.5   3:13pm  42.7  11:36pm   11    0  0.00   6  31   9:50am WNW 30.01   43
2    48.4  59.8   1:48pm  34.9   6:26am   16    0  0.00   1  11  10:55am  SW 30.20   66
3    51.7  63.4  12:43pm  40.5   5:49am   13    0  0.00   1  11   2:18pm WSW 30.30   70
4    54.9  70.4   1:00pm  40.5   7:01am   10    1  0.00   1  14   3:44pm WSW 30.27   60
5    61.0  78.7   2:12pm  43.9   6:39am    6    2  0.00   1  13   3:02pm  NE 30.26   38
6    59.8  76.5  12:32pm  46.0   6:41am    7    2  0.00   1  12   2:06pm SSW 30.20   46
7    65.2  81.7   5:01pm  45.8   6:20am    5    6  0.00   2  18   5:36pm  NE 30.10   39
8    73.2  86.9   2:38pm  59.2  11:35pm    0    8  0.00   2  13   4:30am NNE 30.09   25
9    67.7  88.6  12:47pm  50.8   6:46am    4    7  0.00   1  10   3:08pm WSW 30.09   41
10   64.6  81.2   1:35pm  49.9   6:23am    5    4  0.00   1   8   2:28pm   S 30.10   49
11   64.3  82.6   2:18pm  48.9   6:37am    5    4  0.00   1   8   3:12pm  SW 30.08   48
12   61.4  77.4   2:16pm  48.4   6:50am    6    3  0.00   1  10   2:28pm  SW 30.07   66
13   56.5  65.5  12:08pm  51.2   5:37am    8    0  0.02   1  10  12:33pm  SW 30.07   93
14   61.4  80.7  11:56pm  51.2   2:35am    5    2  0.01   2  25  11:57pm  SW 30.01   79
15   72.9  86.1   1:16pm  58.5  11:59pm    1    8  0.00   2  25  12:00am  SW 29.94   43
16   67.7  87.7   1:11pm  52.7   6:26am    4    6  0.00   1  12   5:10pm  SW 29.87   52
17   61.9  75.5  11:11am  52.9   6:06am    4    1  0.27   2  17  11:16am SSE 29.85   72
18   60.0  68.1  12:31pm  52.9  11:55pm    5    0  0.09   3  15   4:01pm   W 29.98   84
19   57.3  67.4   1:41pm  48.3   6:19am    8    0  0.00   1  13   3:30pm   W 30.08   85
20   57.1  68.3   3:18pm  47.1   6:16am    8    0  0.01   1  10   3:30pm   W 30.08   84
21   57.9  69.7   1:23pm  47.1   6:39am    8    1  0.01   1  11   1:45pm  SW 30.07   85
22   59.4  72.5   3:25pm  49.4   4:01am    6    1  0.01   1  13  12:37pm WSW 29.96   86
23   64.4  79.5   2:09pm  48.6   6:40am    5    4  0.01   1   9   2:12pm WSW 29.97   60
24   64.2  78.9   1:01pm  48.8   6:25am    5    4  0.00   1  10   2:32pm  SW 30.05   57
25   61.9  77.6   1:26pm  47.7   6:25am    6    3  0.00   1  11   1:29pm  SW 30.04   57
26   61.2  76.2   1:56pm  48.0   6:27am    5    2  0.00   1  10  12:01pm  SW 30.07   75
27   61.5  69.4   2:18pm  55.1   4:35am    4    1  0.01   2  10   3:17pm   S 30.02   89
28   59.6  68.4  12:30pm  53.5   4:27am    5    0  0.01   1   9   2:30pm   S 30.00   93
29   60.7  71.3   2:26pm  55.2   4:23am    5    1  0.01   1   9   4:37pm  SW 30.02   92
---------------------------------------------------------------------------------------
TOT  61.0  88.6   2/9/16  35.0   2/2/16  181   72  0.46   2  31   2/1/16  SW 30.06   65

HEAT BASE: 65.0
COOL BASE: 65.0