NOAA-Style Climate Reports

Select a Year or Month report
2021: Jan Feb Mar Apr May Jun Jul Aug Sep Oct Nov Dec
2020: Jan Feb Mar Apr May Jun Jul Aug Sep Oct Nov Dec
2019: Jan Feb Mar Apr May Jun Jul Aug Sep Oct Nov Dec
2018: Jan Feb Mar Apr May Jun Jul Aug Sep Oct Nov Dec
2017: Jan Feb Mar Apr May Jun Jul Aug Sep Oct Nov Dec
2016: Jan Feb Mar Apr May Jun Jul Aug Sep Oct Nov Dec
2015: Jan Feb Mar Apr May Jun Jul Aug Sep Oct Nov Dec
2014: Jan Feb Mar Apr May Jun Jul Aug Sep Oct Nov Dec
2013: Jan Feb Mar Apr May Jun Jul Aug Sep Oct Nov Dec
2012: Jan Feb Mar Apr May Jun Jul Aug Sep Oct Nov Dec
2011: Jan Feb Mar Apr May Jun Jul Aug Sep Oct Nov Dec
2010: Jan Feb Mar Apr May Jun Jul Aug Sep Oct Nov Dec
2009: Jan Feb Mar Apr May Jun Jul Aug Sep Oct Nov Dec
2008: Jan Feb Mar Apr May Jun Jul Aug Sep Oct Nov Dec
2007: Jan Feb Mar Apr May Jun Jul Aug Sep Oct Nov Dec
2006: Jan Feb Mar Apr May Jun Jul Aug Sep Oct Nov Dec
2005: Jan Feb Mar Apr May Jun Jul Aug Sep Oct Nov Dec
2004: Jan Feb Mar Apr May Jun Jul Aug Sep Oct Nov Dec

Report for 2016 April
                  MONTHLY CLIMATOLOGICAL SUMMARY FOR 4/2016
                                        HEAT  COOL        
     MEAN                               DEG   DEG       WIND SPEED       DOM MEAN  MEAN
DAY  TEMP  HIGH   TIME     LOW   TIME   DAYS  DAYS RAIN AVG  HI  TIME    DIR BAROM HUM
---------------------------------------------------------------------------------------
1    59.8  66.8   4:35pm  51.1   5:41am    5    0  0.00   2  13  11:18am  SW 30.09   83
2    62.1  72.4   4:15pm  52.7   6:57am    5    2  0.00   1  12   1:40pm  SW 30.11   83
3    61.1  68.2   5:33pm  53.1   6:13am    4    1  0.01   2  11   1:56pm WSW 30.05   86
4    61.8  73.0   4:59pm  52.8   5:31am    5    2  0.01   2  11   1:41pm WSW 30.07   83
5    64.0  77.4   1:39pm  52.1   6:38am    4    3  0.01   2  11  10:01pm   S 30.05   79
6    63.3  73.2  10:32am  55.5   6:47am    3    1  0.00   2  16   1:17pm   S 30.06   86
7    61.3  63.7   3:45pm  59.4   6:29am    3    0  0.06   1  12   6:16pm   S 29.98   91
8    60.5  64.1  12:59pm  58.9   3:33am    4    0  0.02   2  10   1:50pm   S 29.93   95
9    60.9  65.5   4:31pm  58.4   5:32am    4    0  0.02   1  15   2:37pm SSE 29.92   89
10   61.5  67.5   2:32pm  57.3   4:28am    4    0  0.08   2  14   1:47pm   S 29.90   87
11   62.4  71.4   3:31pm  54.0   6:09am    4    1  0.00   2  12   1:39pm WSW 30.06   83
12   61.9  69.0   3:03pm  54.7   6:17am    4    1  0.01   2  12  10:13am WSW 30.13   86
13   61.2  67.2   1:39pm  56.1   3:01am    4    0  0.00   2  11   3:00pm   S 30.09   85
14   61.2  67.8   4:34pm  55.0   6:00am    4    0  0.00   2  14   4:54pm  SW 29.95   84
15   62.5  72.4   5:28pm  53.1   6:30am    4    1  0.00   2  16   4:03pm   S 29.86   74
16   72.1  81.5  11:16am  58.8  11:57pm    0    7  0.00   6  27   5:27pm  NE 29.96   28
17   68.4  87.0  11:23am  51.6   6:08am    3    7  0.00   2  21   9:59am  SW 29.97   52
18   70.9  86.1   2:15pm  54.0   6:27am    2    8  0.00   1  10   1:12pm WSW 30.01   42
19   70.0  83.7   3:27pm  55.9   6:11am    2    7  0.00   1  13   4:37pm  SW 29.94   49
20   69.2  83.7   4:03pm  53.7   5:47am    2    6  0.00   2  15   3:32pm   W 29.90   58
21   65.1  76.2   3:14pm  54.7   6:25am    2    3  0.00   2  16   6:11pm WSW 29.88   73
22   63.3  70.6   2:59pm  56.3   5:51am    3    1  0.00   3  19   4:02pm   W 29.96   83
23   63.3  71.7   2:41pm  54.5   5:59am    3    1  0.00   2  17   3:03pm   W 29.99   73
24   61.4  67.6  12:47pm  53.4   5:51am    4    0  0.00   3  17  11:46am   S 29.90   83
25   59.5  64.4  12:13pm  54.6   6:27am    5    0  0.00   4  26   4:40pm  SW 29.89   73
26   59.5  67.2   3:03pm  49.4   6:14am    6    0  0.00   2  14  11:00am ENE 29.97   71
27   60.1  67.3   2:30pm  52.4   5:41am    5    0  0.00   3  21  10:05pm WSW 29.85   80
28   59.6  65.7   1:42pm  53.9   4:39am    5    0  0.00   2  13  12:05am  SW 29.84   76
29   60.2  67.6   2:41pm  54.7   5:24am    5    0  0.00   3  14  11:51am  SW 29.98   78
30   61.3  67.8   3:02pm  56.1   5:33am    4    0  0.00   3  14   2:27pm  SW 29.83   77
---------------------------------------------------------------------------------------
TOT  63.0  87.0  4/17/16  49.4  4/26/16  112   54  0.22   2  27  4/16/16  SW 29.97   76

HEAT BASE: 65.0
COOL BASE: 65.0