NOAA-Style Climate Reports

Select a Year or Month report
2021: Jan Feb Mar Apr May Jun Jul Aug Sep Oct Nov Dec
2020: Jan Feb Mar Apr May Jun Jul Aug Sep Oct Nov Dec
2019: Jan Feb Mar Apr May Jun Jul Aug Sep Oct Nov Dec
2018: Jan Feb Mar Apr May Jun Jul Aug Sep Oct Nov Dec
2017: Jan Feb Mar Apr May Jun Jul Aug Sep Oct Nov Dec
2016: Jan Feb Mar Apr May Jun Jul Aug Sep Oct Nov Dec
2015: Jan Feb Mar Apr May Jun Jul Aug Sep Oct Nov Dec
2014: Jan Feb Mar Apr May Jun Jul Aug Sep Oct Nov Dec
2013: Jan Feb Mar Apr May Jun Jul Aug Sep Oct Nov Dec
2012: Jan Feb Mar Apr May Jun Jul Aug Sep Oct Nov Dec
2011: Jan Feb Mar Apr May Jun Jul Aug Sep Oct Nov Dec
2010: Jan Feb Mar Apr May Jun Jul Aug Sep Oct Nov Dec
2009: Jan Feb Mar Apr May Jun Jul Aug Sep Oct Nov Dec
2008: Jan Feb Mar Apr May Jun Jul Aug Sep Oct Nov Dec
2007: Jan Feb Mar Apr May Jun Jul Aug Sep Oct Nov Dec
2006: Jan Feb Mar Apr May Jun Jul Aug Sep Oct Nov Dec
2005: Jan Feb Mar Apr May Jun Jul Aug Sep Oct Nov Dec
2004: Jan Feb Mar Apr May Jun Jul Aug Sep Oct Nov Dec

Report for 2016 December
                  MONTHLY CLIMATOLOGICAL SUMMARY FOR 12/2016
                                        HEAT  COOL        
     MEAN                               DEG   DEG       WIND SPEED       DOM MEAN  MEAN
DAY  TEMP  HIGH   TIME     LOW   TIME   DAYS  DAYS RAIN AVG  HI  TIME    DIR BAROM HUM
---------------------------------------------------------------------------------------
1    55.0  65.5  12:35pm  46.2  12:47am   10    0  0.00   1   8  12:03pm   S 29.96   85
2    58.3  65.4   1:01pm  47.6   2:58am    6    0  0.00   7  35   9:50am  NE 30.00   38
3    57.7  68.8   1:37pm  46.5  11:13pm    6    0  0.00   3  26  12:00am  NE 30.06   42
4    54.3  68.3   2:31pm  42.1   7:01am   11    0  0.00   0   8  12:36pm  SW 30.03   74
5    54.4  64.3  11:15am  45.4   4:20am   10    0  0.00   1  12   1:09pm   S 29.95   88
6    57.2  64.2  12:58pm  51.3   7:00am    8    0  0.00   1  12  11:10am   S 29.98   84
7    56.7  63.5  12:58pm  49.7   6:34am    8    0  0.00   1   9  11:51am   S 30.08   87
8    55.6  65.4   1:44pm  47.5   6:12am    9    0  0.00   1  11   1:05pm   W 30.21   85
9    56.9  64.1   2:18pm  49.2   6:24am    8    0  0.00   1   8   2:26pm   W 30.22   93
10   60.0  62.5  10:32am  57.6   5:01am    5    0  0.00   1   8  11:27am SSE 30.14   95
11
12   60.9  67.1  11:59am  57.1  11:25pm    4    0  0.00   1   9  11:38am SSE 30.08   92
13   59.3  65.6  12:13pm  53.5  11:57pm    6    0  0.00   1   9   1:01pm  SW 30.09   92
14   58.2  68.2  11:24am  50.4   7:19am    6    0  0.00   1   9   1:13pm WSW 30.06   91
15   57.4  62.8   1:38pm  53.1   4:00am    7    0  0.00   1  11  11:41pm   S 29.99   97
16   58.4  62.2   8:54am  52.1  11:52pm    6    0  0.00   6  28   8:01pm   W 29.88   86
17   49.5  58.3   3:19pm  41.4   6:59am   14    0  0.00   1  15  12:00am   S 30.10   63
18   52.0  64.0   3:17pm  36.4   7:02am   13    0  0.00   2  19   7:44pm  NE 30.16   55
19   58.3  71.3   1:21pm  43.5  11:58pm    8    1  0.00   1  14   1:58am  NE 30.18   30
20   58.1  78.1   1:43pm  39.7   6:49am   10    3  0.00   1   7  10:49pm WSW 30.13   54
21   59.7  63.2   7:29pm  56.7   1:39am    5    0  0.00   1  11  10:34pm NNE 29.99   87
22   58.2  60.3   3:58pm  55.3   6:26am    7    0  0.00   1   9   5:16am  NW 29.92   99
23   58.4  61.5  12:30pm  52.6  10:30pm    7    0  0.00   4  24   9:00pm WNW 29.99   95
24   53.4  56.6  12:00pm  47.6  10:30pm   12    0  0.00   6  27   1:30pm   W 29.80   70
25   47.5  56.1  12:00pm  38.0   7:00am   18    0  0.00   1  10  11:30am   S 30.08   71
26   52.0  64.4   2:30pm  41.3   6:00am   13    0  0.00   1   9   3:00pm  NE 30.17   64
27   52.3  67.4   2:30pm  40.7   6:00am   12    0  0.00   1   8  11:30am SSW 30.15   73
28   55.1  71.4  11:45am  43.3   6:03am   10    1  0.00   1   9   1:30pm   S 30.10   81
29   59.1  79.5   2:59pm  44.3   5:53am    8    2  0.00   1   7  12:54pm  SW 30.08   68
30   57.7  65.7  12:46pm  53.7   3:29am    7    0  0.00   2  14  12:47pm   W 30.02   90
31   54.9  58.0  10:51am  47.2  11:44pm    9    0  0.00   1  12   3:22pm   S 29.92   95
---------------------------------------------------------------------------------------
TOT  56.4  79.5 12/29/16  36.4 12/18/16  261    8  0.00   2  35  12/2/16   S 30.05   78

HEAT BASE: 65.0
COOL BASE: 65.0