NOAA-Style Climate Reports

Select a Year or Month report
2021: Jan Feb Mar Apr May Jun Jul Aug Sep Oct Nov Dec
2020: Jan Feb Mar Apr May Jun Jul Aug Sep Oct Nov Dec
2019: Jan Feb Mar Apr May Jun Jul Aug Sep Oct Nov Dec
2018: Jan Feb Mar Apr May Jun Jul Aug Sep Oct Nov Dec
2017: Jan Feb Mar Apr May Jun Jul Aug Sep Oct Nov Dec
2016: Jan Feb Mar Apr May Jun Jul Aug Sep Oct Nov Dec
2015: Jan Feb Mar Apr May Jun Jul Aug Sep Oct Nov Dec
2014: Jan Feb Mar Apr May Jun Jul Aug Sep Oct Nov Dec
2013: Jan Feb Mar Apr May Jun Jul Aug Sep Oct Nov Dec
2012: Jan Feb Mar Apr May Jun Jul Aug Sep Oct Nov Dec
2011: Jan Feb Mar Apr May Jun Jul Aug Sep Oct Nov Dec
2010: Jan Feb Mar Apr May Jun Jul Aug Sep Oct Nov Dec
2009: Jan Feb Mar Apr May Jun Jul Aug Sep Oct Nov Dec
2008: Jan Feb Mar Apr May Jun Jul Aug Sep Oct Nov Dec
2007: Jan Feb Mar Apr May Jun Jul Aug Sep Oct Nov Dec
2006: Jan Feb Mar Apr May Jun Jul Aug Sep Oct Nov Dec
2005: Jan Feb Mar Apr May Jun Jul Aug Sep Oct Nov Dec
2004: Jan Feb Mar Apr May Jun Jul Aug Sep Oct Nov Dec

Report for 2017 January
                  MONTHLY CLIMATOLOGICAL SUMMARY FOR 1/2017
                                        HEAT  COOL        
     MEAN                               DEG   DEG       WIND SPEED       DOM MEAN  MEAN
DAY  TEMP  HIGH   TIME     LOW   TIME   DAYS  DAYS RAIN AVG  HI  TIME    DIR BAROM HUM
---------------------------------------------------------------------------------------
1    50.7  58.5   1:51pm  42.3   7:11am   13    0  0.00   1  14  12:06pm SSE 29.93   87
2    53.4  57.5   2:07pm  51.2  12:00am   11    0  0.00   1   8   1:53pm   S 30.09   87
3    53.7  60.6   1:21pm  47.2   6:32am   11    0  0.00   0   5  11:50am   W 30.15   84
4    54.0  62.2  12:29pm  44.5   6:46am   11    0  0.00   1   8  12:50pm   S 30.11   87
5    57.9  62.3  12:53pm  54.9   3:38am    7    0  0.00   2  13   9:32am SSE 29.99   98
6    55.8  63.8   1:21pm  48.6   7:00am    9    0  0.00   1  10  11:30am ENE 30.05   91
7    58.0  70.6   2:18pm  50.1  12:48am    8    1  0.00   0   6  10:49am   W 30.16   80
8    60.9  75.7   2:18pm  49.2   6:42am    6    2  0.00   1   9  11:53pm  SW 30.15   71
9    58.7  62.8   3:06pm  55.7   6:58am    6    0  0.00   1  11  11:48am   S 30.15   94
10   56.5  61.0  12:05pm  51.0   6:21am    8    0  0.00   1  12  12:29pm SSE 30.11   96
11   58.4  64.1  12:52pm  53.1  10:49pm    6    0  0.00   2  14   7:43am   S 30.01   94
12   55.5  58.6  12:32pm  52.6  11:55pm    9    0  0.00   2  16   8:56am SSE 29.96   98
13   54.7  61.4  11:53am  50.3   6:52am    9    0  0.00   1  11  12:57pm   W 30.00   90
14   56.7  67.7   1:10pm  47.4   6:24am    8    0  0.00   1  11   1:42pm  SW 30.00   84
15   56.9  63.3  12:52pm  50.2   3:51am    8    0  0.00   3  16  10:46am SSE 30.04   89
16   55.9  66.4   1:04pm  48.7  11:43pm    8    0  0.00   1  14   1:50pm   W 30.05   88
17   53.6  64.4   2:53pm  44.1   4:55am   11    0  0.00   1  13   1:57pm SSW 30.10   89
18   53.3  61.1  11:58am  45.2   4:01am   11    0  0.00   1  11   3:12pm   W 30.14   89
19   57.5  61.9   1:54pm  53.5   3:41am    7    0  0.00   4  18  11:09am  SW 29.95   87
20   54.9  60.5   1:55pm  52.1   7:23am   10    0  0.00   5  27   1:07pm   W 29.65   91
21   54.7  60.4   1:16pm  48.2   7:18am   10    0  0.00   3  29  12:28am   W 29.90   78
22   54.2  59.1   7:05pm  51.0   5:10am    9    0  0.00   3  32   4:11pm ENE 30.03   96
23   53.1  56.9  12:00am  45.6  11:45pm   10    0  0.00   4  24  11:55am   W 29.89   81
24   48.5  57.8   1:31pm  40.2   6:49am   15    0  0.00   1  11   2:09pm  SW 30.03   85
25   49.1  59.5   2:03pm  41.1   6:27am   15    0  0.00   1  12  11:07am   W 30.26   82
26   50.7  62.4   2:09pm  39.3   6:38am   13    0  0.00   1  22   9:55pm   W 30.30   74
27   59.1  65.4   1:55pm  53.3   6:26am    5    0  0.00   7  36   8:40am  NE 30.41   27
28   62.5  74.6   2:23pm  47.4   6:44am    4    2  0.09   2  21   8:58am ENE 30.38   32
29   63.3  78.9   4:04pm  45.8   6:39am    5    4  0.00   1  12   9:04am  NE 30.22   43
30   61.1  76.9   1:19pm  46.7   7:05am    7    3  0.00   1  10   1:55pm   W 30.12   53
31   56.9  68.8  11:39am  45.3   6:40am    9    1  0.00   1   9  12:27pm   S 30.09   65
---------------------------------------------------------------------------------------
TOT  55.8  78.9  1/29/17  39.3  1/26/17  280   12  0.09   2  36  1/27/17   W 30.08   80

HEAT BASE: 65.0
COOL BASE: 65.0