NOAA-Style Climate Reports

Select a Year or Month report
2021: Jan Feb Mar Apr May Jun Jul Aug Sep Oct Nov Dec
2020: Jan Feb Mar Apr May Jun Jul Aug Sep Oct Nov Dec
2019: Jan Feb Mar Apr May Jun Jul Aug Sep Oct Nov Dec
2018: Jan Feb Mar Apr May Jun Jul Aug Sep Oct Nov Dec
2017: Jan Feb Mar Apr May Jun Jul Aug Sep Oct Nov Dec
2016: Jan Feb Mar Apr May Jun Jul Aug Sep Oct Nov Dec
2015: Jan Feb Mar Apr May Jun Jul Aug Sep Oct Nov Dec
2014: Jan Feb Mar Apr May Jun Jul Aug Sep Oct Nov Dec
2013: Jan Feb Mar Apr May Jun Jul Aug Sep Oct Nov Dec
2012: Jan Feb Mar Apr May Jun Jul Aug Sep Oct Nov Dec
2011: Jan Feb Mar Apr May Jun Jul Aug Sep Oct Nov Dec
2010: Jan Feb Mar Apr May Jun Jul Aug Sep Oct Nov Dec
2009: Jan Feb Mar Apr May Jun Jul Aug Sep Oct Nov Dec
2008: Jan Feb Mar Apr May Jun Jul Aug Sep Oct Nov Dec
2007: Jan Feb Mar Apr May Jun Jul Aug Sep Oct Nov Dec
2006: Jan Feb Mar Apr May Jun Jul Aug Sep Oct Nov Dec
2005: Jan Feb Mar Apr May Jun Jul Aug Sep Oct Nov Dec
2004: Jan Feb Mar Apr May Jun Jul Aug Sep Oct Nov Dec

Report for 2017 April
                  MONTHLY CLIMATOLOGICAL SUMMARY FOR 4/2017
                                        HEAT  COOL        
     MEAN                               DEG   DEG       WIND SPEED       DOM MEAN  MEAN
DAY  TEMP  HIGH   TIME     LOW   TIME   DAYS  DAYS RAIN AVG  HI  TIME    DIR BAROM HUM
---------------------------------------------------------------------------------------
1    58.9  70.6   3:06pm  47.9   6:51am    6    1  0.00   1   9  12:11pm   S 29.96   72
2    59.9  68.1  12:25pm  51.2   6:28am    5    0  0.00   2  16  11:43am   S 29.98   83
3    59.1  63.3   4:12pm  56.9   2:50am    5    0  0.00   2  13   4:19pm   S 29.93   81
4    61.2  67.6   1:37pm  57.6   6:45am    4    0  0.00   2  13   4:05pm   W 29.99   80
5    63.9  78.0   2:53pm  53.3   6:54am    4    3  0.00   1  10   5:46pm WSW 30.02   81
6    60.8  68.9   1:32pm  56.6   3:38am    4    0  0.01   1  13   3:30pm WSW 29.99   90
7    60.8  67.2   1:58pm  57.2   7:03am    4    0  0.00   2  11   2:15pm WSW 30.03   82
8    60.1  66.8  12:55pm  55.1  11:47pm    4    0  0.04   3  20   2:36pm   W 30.02   81
9    58.4  68.7   3:31pm  49.5   6:39am    6    0  0.00   2  14   6:31pm   W 30.04   74
10   60.2  72.2   1:47pm  49.3   5:25am    6    1  0.00   1  12   5:24pm  SW 30.02   76
11   58.9  68.5   3:42pm  49.5   6:39am    6    0  0.00   2  15   2:47pm   S 30.00   80
12   60.7  69.9   2:58pm  52.4   6:16am    4    1  0.00   2  17  12:57pm   W 30.03   84
13   61.2  69.5  10:15am  54.6   5:34am    4    1  0.01   2  16   6:49pm   W 30.03   83
14   59.4  66.8   3:27pm  51.4   6:36am    5    0  0.00   2  14  12:10pm   W 29.98   75
15   61.3  71.5   2:39pm  47.9   6:35am    5    1  0.00   1  12  12:55pm   W 29.96   70
16   61.2  70.9  12:48pm  52.5   6:26am    5    1  0.00   1  12   3:15pm   W 30.00   81
17   62.7  73.5   2:50pm  53.2   5:34am    4    2  0.00   2  16   3:43pm   W 30.06   83
18   63.9  71.7   2:40pm  59.8  10:51pm    2    1  0.00   2  14   5:07pm   W 30.08   89
19   63.6  69.9  12:47pm  59.4  11:59pm    2    1  0.00   2  14   1:35pm WSW 30.10   86
20   63.8  72.5   5:07pm  56.3   6:37am    2    1  0.00   2  17   4:39pm   S 30.04   81
21   67.3  80.5   6:13pm  54.1   6:20am    3    5  0.00   1  12  10:41pm   W 29.90   71
22   68.2  80.1   1:17pm  56.2   6:13am    2    5  0.00   2  12  12:00am   S 29.86   71
23   63.4  72.9  12:32pm  58.9   6:00am    2    1  0.00   2  18   1:23pm   S 29.85   87
24   63.3  68.9   3:32pm  59.7   1:10am    2    1  0.00   2  15  12:07pm   S 29.89   81
25   63.0  70.6   1:02pm  56.5   6:27am    3    1  0.00   2  15   3:29pm   S 29.88   80
26   63.6  70.8   4:50pm  56.3   6:31am    2    1  0.00   2  14  11:52am   S 29.88   84
27   63.3  70.4   2:12pm  59.4   5:58am    2    1  0.00   4  17  11:39am   S 29.79   84
28   65.6  75.7   4:20pm  56.8   5:05am    2    2  0.00   2  19   4:21pm   S 29.76   73
29   74.0  86.5   2:32pm  61.3  11:52pm    0    9  0.00   7  30   9:07am  NE 29.95   22
30   67.5  79.2  10:45am  53.1   6:21am    3    5  0.00   2  12   3:54pm  SW 30.03   52
---------------------------------------------------------------------------------------
TOT  62.7  86.5  4/29/17  47.9   4/1/17  109   46  0.06   2  28  4/29/17   S 29.97   77

HEAT BASE: 65.0
COOL BASE: 65.0