NOAA-Style Climate Reports

Select a Year or Month report
2021: Jan Feb Mar Apr May Jun Jul Aug Sep Oct Nov Dec
2020: Jan Feb Mar Apr May Jun Jul Aug Sep Oct Nov Dec
2019: Jan Feb Mar Apr May Jun Jul Aug Sep Oct Nov Dec
2018: Jan Feb Mar Apr May Jun Jul Aug Sep Oct Nov Dec
2017: Jan Feb Mar Apr May Jun Jul Aug Sep Oct Nov Dec
2016: Jan Feb Mar Apr May Jun Jul Aug Sep Oct Nov Dec
2015: Jan Feb Mar Apr May Jun Jul Aug Sep Oct Nov Dec
2014: Jan Feb Mar Apr May Jun Jul Aug Sep Oct Nov Dec
2013: Jan Feb Mar Apr May Jun Jul Aug Sep Oct Nov Dec
2012: Jan Feb Mar Apr May Jun Jul Aug Sep Oct Nov Dec
2011: Jan Feb Mar Apr May Jun Jul Aug Sep Oct Nov Dec
2010: Jan Feb Mar Apr May Jun Jul Aug Sep Oct Nov Dec
2009: Jan Feb Mar Apr May Jun Jul Aug Sep Oct Nov Dec
2008: Jan Feb Mar Apr May Jun Jul Aug Sep Oct Nov Dec
2007: Jan Feb Mar Apr May Jun Jul Aug Sep Oct Nov Dec
2006: Jan Feb Mar Apr May Jun Jul Aug Sep Oct Nov Dec
2005: Jan Feb Mar Apr May Jun Jul Aug Sep Oct Nov Dec
2004: Jan Feb Mar Apr May Jun Jul Aug Sep Oct Nov Dec

Report for 2017 May
                  MONTHLY CLIMATOLOGICAL SUMMARY FOR 5/2017
                                        HEAT  COOL        
     MEAN                               DEG   DEG       WIND SPEED       DOM MEAN  MEAN
DAY  TEMP  HIGH   TIME     LOW   TIME   DAYS  DAYS RAIN AVG  HI  TIME    DIR BAROM HUM
---------------------------------------------------------------------------------------
1    64.5  75.4   2:01pm  53.9   6:09am    3    2  0.00   2  11   3:55pm   S 29.93   79
2    64.2  72.9   4:23pm  57.0   6:54am    2    2  0.01   2  13   1:06pm   S 29.90   88
3    66.5  74.9   1:49pm  59.4   6:02am    1    3  0.00   2  10   3:48pm   S 29.94   83
4    65.0  72.1   3:01pm  59.4  11:11pm    2    2  0.00   1  13   5:01pm   W 29.94   85
5    61.7  67.0   3:24pm  59.4  12:02am    3    0  0.00   2  10   1:14pm   S 29.88   86
6    60.4  65.0  12:53pm  54.9  11:59pm    4    0  0.00   4  20   4:29pm   S 29.81   79
7    56.7  62.8   3:21pm  50.1   6:47am    6    0  0.08   4  14  12:56pm   S 29.86   76
8    59.4  69.7   2:45pm  48.2   6:02am    6    1  0.00   2  15   3:04pm   W 29.88   80
9    60.5  66.2   1:28pm  57.2   2:21am    4    0  0.00   3  18   1:02pm   S 29.91   86
10   62.1  66.0  12:57pm  59.5   6:53am    3    0  0.01   2  10   1:29pm   S 30.07   84
11   63.6  70.5   2:10pm  56.0   6:03am    3    1  0.00   2  15   5:06pm   W 30.10   82
12   61.7  66.8   4:01pm  59.2   1:31am    3    0  0.00   1  12  12:56pm   S 29.97   86
13   63.5  70.6   2:20pm  57.9  11:26pm    2    1  0.00   2  14   2:46pm WSW 29.87   74
14   60.7  65.6   2:26pm  56.2   6:00am    4    0  0.00   4  19  12:00pm   S 29.87   80
15   59.8  63.4   2:16pm  56.9   6:08am    5    0  0.00   3  15   1:52pm   S 29.92   74
16   59.9  65.9   2:55pm  54.4   6:08am    5    0  0.00   2  15   1:00pm SSE 30.01   78
17   60.4  66.4   4:15pm  55.1   3:22am    4    0  0.00   2  13  11:56am   S 29.93   80
18   62.9  70.9   4:34pm  55.6   5:10am    3    1  0.00   1  12   2:34pm  SW 29.89   81
19   68.2  79.2   3:40pm  54.9   5:50am    2    5  0.00   2  21   5:57pm   W 29.90   70
20   71.5  84.2   5:57pm  56.1   5:35am    2    8  0.00   1  13   1:58pm   W 29.86   62
21   66.5  77.0   2:46pm  60.5  11:57pm    1    3  0.00   2  11   1:16am   S 29.89   84
22   63.4  71.4   3:21pm  59.1   6:00am    2    1  0.00   2  11   4:44pm WSW 29.94   89
23   64.5  76.2   3:15pm  59.0  11:44pm    2    2  0.00   2  13  10:25am WSW 29.93   87
24   62.0  68.6   1:52pm  58.4   1:26am    3    0  0.00   2  13   6:06pm WSW 29.86   87
25   61.8  66.2   2:42pm  59.9  12:52am    3    0  0.00   1  11   1:01pm   S 29.87   76
26   64.6  69.7   2:15pm  60.3  11:44pm    1    1  0.00   3  16   1:04pm   S 29.97   72
27   63.7  69.2   2:43pm  59.8  12:45am    2    1  0.00   2  15   1:20pm   W 30.03   77
28   62.7  70.7  12:22pm  56.1   5:46am    3    1  0.00   2  13   1:19pm WSW 29.99   86
29   62.2  67.5   1:44pm  59.8   3:35am    3    0  0.00   2  14   3:38pm   S 29.92   88
30   62.3  67.0   3:40pm  59.9   4:44am    3    0  0.00   2  12   1:45pm   S 29.91   88
31   62.4  66.2   3:33pm  60.2   5:02am    2    0  0.00   2  10   3:34pm   S 29.87   88
---------------------------------------------------------------------------------------
TOT  63.0  84.2  5/20/17  48.2   5/8/17   93   36  0.10   2  21  5/19/17   S 29.92   81

HEAT BASE: 65.0
COOL BASE: 65.0