NOAA-Style Climate Reports

Select a Year or Month report
2021: Jan Feb Mar Apr May Jun Jul Aug Sep Oct Nov Dec
2020: Jan Feb Mar Apr May Jun Jul Aug Sep Oct Nov Dec
2019: Jan Feb Mar Apr May Jun Jul Aug Sep Oct Nov Dec
2018: Jan Feb Mar Apr May Jun Jul Aug Sep Oct Nov Dec
2017: Jan Feb Mar Apr May Jun Jul Aug Sep Oct Nov Dec
2016: Jan Feb Mar Apr May Jun Jul Aug Sep Oct Nov Dec
2015: Jan Feb Mar Apr May Jun Jul Aug Sep Oct Nov Dec
2014: Jan Feb Mar Apr May Jun Jul Aug Sep Oct Nov Dec
2013: Jan Feb Mar Apr May Jun Jul Aug Sep Oct Nov Dec
2012: Jan Feb Mar Apr May Jun Jul Aug Sep Oct Nov Dec
2011: Jan Feb Mar Apr May Jun Jul Aug Sep Oct Nov Dec
2010: Jan Feb Mar Apr May Jun Jul Aug Sep Oct Nov Dec
2009: Jan Feb Mar Apr May Jun Jul Aug Sep Oct Nov Dec
2008: Jan Feb Mar Apr May Jun Jul Aug Sep Oct Nov Dec
2007: Jan Feb Mar Apr May Jun Jul Aug Sep Oct Nov Dec
2006: Jan Feb Mar Apr May Jun Jul Aug Sep Oct Nov Dec
2005: Jan Feb Mar Apr May Jun Jul Aug Sep Oct Nov Dec
2004: Jan Feb Mar Apr May Jun Jul Aug Sep Oct Nov Dec

Report for 2017 July
                  MONTHLY CLIMATOLOGICAL SUMMARY FOR 7/2017
                                        HEAT  COOL        
     MEAN                               DEG   DEG       WIND SPEED       DOM MEAN  MEAN
DAY  TEMP  HIGH   TIME     LOW   TIME   DAYS  DAYS RAIN AVG  HI  TIME    DIR BAROM HUM
---------------------------------------------------------------------------------------
1    65.2  68.9   2:30pm  63.5   8:00pm    1    1  0.00   2  14   7:00pm   S 29.87   89
2    66.5  71.9   1:00pm  62.4  11:30pm    1    2  0.00   2  13   2:30pm   S 29.96   84
3    68.1  76.8   2:57pm  62.3   1:00am    1    4  0.00   1  10  12:30pm   W 30.00   81
4    69.6  80.3   2:47pm  61.3   5:38am    1    5  0.01   2  14   4:15pm   W 29.95   82
5    69.0  77.5   2:49pm  64.0   4:10am    0    4  0.00   2  11   1:26pm   S 29.95   86
6    70.8  78.9   5:29pm  64.0   6:05am    0    6  0.00   2  11  11:53am   S 29.95   84
7    73.3  82.8   2:49pm  65.7   5:43am    0    8  0.00   2  12   3:48pm   S 29.86   81
8    74.1  82.9   1:54pm  67.3   5:59am    0    9  0.00   3  20   4:27pm   S 29.82   83
9    74.1  83.4  10:09am  67.4   6:01am    0    9  0.00   2  17   3:32pm   S 29.89   84
10   73.0  78.9   2:03pm  68.5   5:35am    0    8  0.00   3  14   1:24pm   S 29.89   88
11   72.3  79.3   4:06pm  67.7  11:38pm    0    7  0.00   2  13  11:23am SSW 29.91   86
12   71.7  78.3   3:45pm  67.2  12:51am    0    7  0.00   2  11   3:28pm WSW 29.94   85
13   72.1  78.8   3:03pm  67.1  11:51pm    0    7  0.00   2  11   6:02pm WSW 29.98   84
14   69.9  76.4   4:25pm  66.1   7:08am    0    5  0.00   2  12   2:35pm WSW 29.98   86
15   69.7  75.3   1:26pm  64.8   5:25am    0    5  0.00   2  14   1:32pm   S 29.92   88
16   71.0  76.0   2:28pm  67.4   1:29am    0    6  0.00   4  18  11:02am   S 29.87   88
17   71.6  75.9  10:05am  68.4   2:15am    0    6  0.00   2  14  12:19pm   S 29.87   87
18   72.0  79.4   3:13pm  65.0   6:13am    0    7  0.00   2  12   2:55pm  SW 29.92   85
19   72.8  79.6   1:50pm  68.7   5:14am    0    8  0.00   2  13  11:59am SSW 29.95   85
20   72.9  80.2   2:48pm  67.4   5:20am    0    7  0.00   2  11   1:00pm   S 29.97   83
21   71.7  78.0   4:08pm  67.1   3:03am    0    7  0.00   2  12   3:32pm WSW 29.92   84
22   71.5  76.9  12:07pm  68.4   5:52am    0    7  0.00   2  13  12:59pm   S 29.89   85
23   71.8  77.8   3:00pm  66.7   5:39am    0    7  0.00   1  13   3:45pm   S 29.86   86
24   71.1  75.8  11:30am  66.8   4:06am    0    6  0.00   1  10   3:24pm WSW 29.89   86
25   71.4  77.5   1:09pm  67.6  11:33pm    0    6  0.00   2  12   2:09pm   W 29.95   84
26   71.3  77.7   3:49pm  67.1  11:44pm    0    6  0.00   2  13   4:13pm   W 29.98   84
27   71.0  78.5   1:49pm  64.6   6:10am    0    6  0.00   2  14   4:28pm   W 29.92   86
28   68.7  74.1  12:17pm  65.8   2:35am    0    4  0.00   3  17   2:09pm   S 29.92   88
29   70.8  76.5   3:17pm  66.7   3:58am    0    6  0.00   3  14   3:57pm   S 29.98   85
30   71.4  77.3  12:51pm  66.8   9:43pm    0    6  0.00   2  13   3:32pm   W 30.01   84
31   70.2  76.6   2:58pm  66.7   2:23am    0    5  0.00   2  12   1:29pm   W 29.94   87
---------------------------------------------------------------------------------------
TOT  71.0  83.4   7/9/17  61.3   7/4/17    3  183  0.01   2  18   7/8/17   S 29.93   85

HEAT BASE: 65.0
COOL BASE: 65.0