NOAA-Style Climate Reports

Select a Year or Month report
2021: Jan Feb Mar Apr May Jun Jul Aug Sep Oct Nov Dec
2020: Jan Feb Mar Apr May Jun Jul Aug Sep Oct Nov Dec
2019: Jan Feb Mar Apr May Jun Jul Aug Sep Oct Nov Dec
2018: Jan Feb Mar Apr May Jun Jul Aug Sep Oct Nov Dec
2017: Jan Feb Mar Apr May Jun Jul Aug Sep Oct Nov Dec
2016: Jan Feb Mar Apr May Jun Jul Aug Sep Oct Nov Dec
2015: Jan Feb Mar Apr May Jun Jul Aug Sep Oct Nov Dec
2014: Jan Feb Mar Apr May Jun Jul Aug Sep Oct Nov Dec
2013: Jan Feb Mar Apr May Jun Jul Aug Sep Oct Nov Dec
2012: Jan Feb Mar Apr May Jun Jul Aug Sep Oct Nov Dec
2011: Jan Feb Mar Apr May Jun Jul Aug Sep Oct Nov Dec
2010: Jan Feb Mar Apr May Jun Jul Aug Sep Oct Nov Dec
2009: Jan Feb Mar Apr May Jun Jul Aug Sep Oct Nov Dec
2008: Jan Feb Mar Apr May Jun Jul Aug Sep Oct Nov Dec
2007: Jan Feb Mar Apr May Jun Jul Aug Sep Oct Nov Dec
2006: Jan Feb Mar Apr May Jun Jul Aug Sep Oct Nov Dec
2005: Jan Feb Mar Apr May Jun Jul Aug Sep Oct Nov Dec
2004: Jan Feb Mar Apr May Jun Jul Aug Sep Oct Nov Dec

Report for 2017 September
                  MONTHLY CLIMATOLOGICAL SUMMARY FOR 9/2017
                                        HEAT  COOL        
     MEAN                               DEG   DEG       WIND SPEED       DOM MEAN  MEAN
DAY  TEMP  HIGH   TIME     LOW   TIME   DAYS  DAYS RAIN AVG  HI  TIME    DIR BAROM HUM
---------------------------------------------------------------------------------------
1    81.0  94.8  12:39pm  70.0   5:13am    0   16  0.00   1  11   3:50pm   W 29.75   71
2    78.6  90.7   4:54pm  71.6   6:14am    0   13  0.00   2  14   8:16am   S 29.77   77
3    78.4  90.2   9:29am  74.8  11:11pm    0   13  0.00   2  16   9:39am   S 29.90   81
4    72.9  75.1  12:02am  68.9  11:53pm    0    8  0.00   2  12  11:23am   S 29.93   91
5    73.6  82.6   3:30pm  67.0   4:06am    0    9  0.00   1  13  12:03pm   W 29.93   87
6    72.0  79.7   2:07pm  66.9   6:59am    0    7  0.00   2  16   3:48pm   W 29.93   86
7    71.5  81.6   4:39pm  64.7   3:37am    0    6  0.00   1  15   3:40pm   W 29.87   86
8    69.9  75.5   3:20pm  65.5   3:45am    0    4  0.01   2  16   2:07pm   S 29.87   88
9    71.4  78.9   3:46pm  64.9   1:36am    0    6  0.00   2  12   5:03pm   W 29.94   80
10   72.1  82.8   2:15pm  64.4   6:44am    0    7  0.00   2  10   1:33pm WSW 29.89   82
11   74.8  89.8  12:17pm  67.2   5:48am    0   10  0.00   1  14   2:47pm   W 29.88   79
12   71.0  77.5   1:38pm  66.7   6:25am    0    6  0.00   2  13   4:18pm   W 29.90   88
13   69.3  76.6   1:32pm  64.8  11:53pm    0    4  0.00   2  16   3:53pm   W 29.88   83
14   68.9  75.8   2:54pm  63.4   5:45am    0    4  0.00   2  16   5:29pm   W 29.90   81
15   69.0  75.8   1:35pm  64.6  12:27am    0    4  0.00   2  12   3:28pm   W 29.89   83
16   68.2  74.8  12:45pm  62.4   6:11am    0    4  0.00   1  11   2:57pm SSW 29.89   85
17   68.3  73.5   3:45pm  62.9  11:57pm    0    3  0.00   1  12   5:05pm   W 29.92   85
18   67.3  75.5   1:53pm  59.7   5:57am    1    3  0.00   1  13   3:07pm   W 29.92   86
19   69.7  75.1   4:39pm  66.3  11:57pm    0    4  0.00   2  12  11:44am   S 29.90   81
20   69.0  73.2   2:03pm  64.4   6:21am    0    4  0.00   2  15   1:20pm   S 29.87   83
21   67.0  71.9  12:09pm  59.3  11:57pm    1    3  0.00   3  17   1:22pm SSE 29.84   80
22   64.2  73.0   3:00pm  56.9   5:28am    3    2  0.00   2  15   5:18pm   W 29.83   77
23   63.6  72.2   4:08pm  55.5   4:53am    3    2  0.00   1  11  10:37am   S 29.83   81
24   66.6  77.7   2:31pm  54.8   6:41am    3    4  0.00   1  10   2:16pm   W 29.85   71
25   68.1  82.2   1:59pm  54.5   6:56am    3    6  0.00   1  11   2:27pm SSW 29.81   63
26   67.2  76.8   1:43pm  55.2   6:06am    2    4  0.00   1  12  11:22am   S 29.79   74
27   68.7  80.9   3:05pm  58.6   3:53am    1    5  0.01   1   9  12:31pm  SW 29.85   84
28   68.6  81.1   3:43pm  58.4   6:27am    1    5  0.01   1  12  11:37pm WSW 29.87   84
29   68.5  78.5   1:55pm  59.2   6:27am    1    4  0.01   1  12  12:00am   S 29.88   87
30   67.0  73.0   2:43pm  61.5   6:24am    1    3  0.00   2  15   1:38pm   S 29.86   91
---------------------------------------------------------------------------------------
TOT  70.2  94.8   9/1/17  54.5  9/25/17   20  172  0.04   2  17  9/21/17   W 29.87   82

HEAT BASE: 65.0
COOL BASE: 65.0