NOAA-Style Climate Reports

Select a Year or Month report
2021: Jan Feb Mar Apr May Jun Jul Aug Sep Oct Nov Dec
2020: Jan Feb Mar Apr May Jun Jul Aug Sep Oct Nov Dec
2019: Jan Feb Mar Apr May Jun Jul Aug Sep Oct Nov Dec
2018: Jan Feb Mar Apr May Jun Jul Aug Sep Oct Nov Dec
2017: Jan Feb Mar Apr May Jun Jul Aug Sep Oct Nov Dec
2016: Jan Feb Mar Apr May Jun Jul Aug Sep Oct Nov Dec
2015: Jan Feb Mar Apr May Jun Jul Aug Sep Oct Nov Dec
2014: Jan Feb Mar Apr May Jun Jul Aug Sep Oct Nov Dec
2013: Jan Feb Mar Apr May Jun Jul Aug Sep Oct Nov Dec
2012: Jan Feb Mar Apr May Jun Jul Aug Sep Oct Nov Dec
2011: Jan Feb Mar Apr May Jun Jul Aug Sep Oct Nov Dec
2010: Jan Feb Mar Apr May Jun Jul Aug Sep Oct Nov Dec
2009: Jan Feb Mar Apr May Jun Jul Aug Sep Oct Nov Dec
2008: Jan Feb Mar Apr May Jun Jul Aug Sep Oct Nov Dec
2007: Jan Feb Mar Apr May Jun Jul Aug Sep Oct Nov Dec
2006: Jan Feb Mar Apr May Jun Jul Aug Sep Oct Nov Dec
2005: Jan Feb Mar Apr May Jun Jul Aug Sep Oct Nov Dec
2004: Jan Feb Mar Apr May Jun Jul Aug Sep Oct Nov Dec

Report for 2017 November
                  MONTHLY CLIMATOLOGICAL SUMMARY FOR 11/2017
                                        HEAT  COOL        
     MEAN                               DEG   DEG       WIND SPEED       DOM MEAN  MEAN
DAY  TEMP  HIGH   TIME     LOW   TIME   DAYS  DAYS RAIN AVG  HI  TIME    DIR BAROM HUM
---------------------------------------------------------------------------------------
1    65.1  70.6  12:59pm  61.7   4:48am    1    1  0.00   2  13   1:48pm   S 29.94   82
2    62.8  68.2   3:50pm  57.6  11:08pm    2    0  0.00   1  10   3:40pm WSW 30.04   82
3    62.9  69.7   3:03pm  55.0   5:57am    3    1  0.00   1  13   1:06pm   W 30.07   78
4    62.2  70.9   2:13pm  54.3   7:08am    3    1  0.00   2  16   4:22pm   W 30.01   85
5    63.4  70.6  12:21pm  58.7  11:59pm    2    1  0.00   1  11  11:38am   W 30.06   89
6    62.5  70.0   2:14pm  55.9   3:24am    3    1  0.00   1   9  11:55am WSW 30.07   86
7    63.9  75.1  12:30pm  57.8   6:27am    3    2  0.00   1  14   2:50pm WSW 30.07   82
8    63.8  73.9  10:33am  54.6   5:25am    3    2  0.00   1  11   2:53pm   W 30.04   82
9    64.6  71.3  12:07pm  57.6  11:55pm    2    1  0.00   2  15   2:37pm   W 30.03   85
10   62.4  69.8  12:34pm  56.0  11:59pm    3    1  0.00   1  11  11:52am   W 29.99   87
11   59.8  69.6  11:43am  51.0   6:42am    6    1  0.00   1  10   1:39pm   W 30.00   89
12   60.1  67.5   1:41pm  52.9   5:54am    5    0  0.00   1   7  11:58am WSW 30.05   93
13   59.9  72.9  12:20pm  51.7   5:57am    6    1  0.00   1   9   1:34pm   W 30.09   88
14   61.4  78.7  12:55pm  50.4   6:31am    5    2  0.00   1  10   2:53pm WSW 30.04   82
15   62.6  75.5  12:26pm  54.2   4:55am    4    2  0.00   1   8  10:01am   W 29.96   84
16   64.0  77.6   1:22pm  55.3   5:11am    3    2  0.00   0   8   2:32pm WSW 29.95   81
17   64.5  73.3   1:11pm  60.1  11:59pm    2    1  0.00   1  11   1:15pm WSW 30.04   91
18   61.8  73.5  12:06pm  54.8   4:18am    5    1  0.00   1  12   4:08pm WSW 30.09   90
19   59.0  72.7   2:30pm  49.2   6:30am    7    1  0.00   1   8  11:58am  SW 30.02   81
20   58.7  72.9   1:53pm  47.8   4:33am    7    1  0.00   1   8  11:06am WSW 30.01   82
21   64.5  78.3  11:43am  53.1   6:20am    4    3  0.00   0   7  11:56am WSW 30.03   70
22   68.8  89.4   1:31pm  54.1   6:35am    3    7  0.00   1   7   2:04pm   W 30.01   63
23   69.4  89.0   1:00pm  55.7   6:48am    2    7  0.00   1   8   2:27pm WSW 29.96   59
24   66.1  78.8  10:18am  54.1   6:54am    3    4  0.00   1   9  12:02pm   S 29.89   68
25   60.6  73.2   9:37am  52.1   6:25am    5    1  0.00   2  14   4:29pm SSW 30.00   87
26   59.3  66.7  12:41pm  55.8   9:35pm    6    0  0.00   1   9   1:01pm   W 30.05   95
27   59.4  65.6  11:00am  50.6  11:58pm    5    0  0.00   2  21  12:36pm   W 29.99   84
28   57.5  71.0   1:15pm  45.9   6:50am    8    1  0.00   1  11   2:21pm WSW 29.97   83
29   58.1  69.2  11:57am  50.2   4:22am    7    0  0.00   1   9  12:35pm SSW 30.02   90
30   58.4  72.2  12:42pm  50.0   3:47am    7    1  0.00   0   9   3:39pm WSW 30.03   86
---------------------------------------------------------------------------------------
TOT  62.3  89.4 11/22/17  45.9 11/28/17  126   48  0.00   1  21 11/27/17 WSW 30.02   83

HEAT BASE: 65.0
COOL BASE: 65.0