NOAA-Style Climate Reports

Select a Year or Month report
2021: Jan Feb Mar Apr May Jun Jul Aug Sep Oct Nov Dec
2020: Jan Feb Mar Apr May Jun Jul Aug Sep Oct Nov Dec
2019: Jan Feb Mar Apr May Jun Jul Aug Sep Oct Nov Dec
2018: Jan Feb Mar Apr May Jun Jul Aug Sep Oct Nov Dec
2017: Jan Feb Mar Apr May Jun Jul Aug Sep Oct Nov Dec
2016: Jan Feb Mar Apr May Jun Jul Aug Sep Oct Nov Dec
2015: Jan Feb Mar Apr May Jun Jul Aug Sep Oct Nov Dec
2014: Jan Feb Mar Apr May Jun Jul Aug Sep Oct Nov Dec
2013: Jan Feb Mar Apr May Jun Jul Aug Sep Oct Nov Dec
2012: Jan Feb Mar Apr May Jun Jul Aug Sep Oct Nov Dec
2011: Jan Feb Mar Apr May Jun Jul Aug Sep Oct Nov Dec
2010: Jan Feb Mar Apr May Jun Jul Aug Sep Oct Nov Dec
2009: Jan Feb Mar Apr May Jun Jul Aug Sep Oct Nov Dec
2008: Jan Feb Mar Apr May Jun Jul Aug Sep Oct Nov Dec
2007: Jan Feb Mar Apr May Jun Jul Aug Sep Oct Nov Dec
2006: Jan Feb Mar Apr May Jun Jul Aug Sep Oct Nov Dec
2005: Jan Feb Mar Apr May Jun Jul Aug Sep Oct Nov Dec
2004: Jan Feb Mar Apr May Jun Jul Aug Sep Oct Nov Dec

Report for 2018 February
                  MONTHLY CLIMATOLOGICAL SUMMARY FOR 2/2018
                                        HEAT  COOL        
     MEAN                               DEG   DEG       WIND SPEED       DOM MEAN  MEAN
DAY  TEMP  HIGH   TIME     LOW   TIME   DAYS  DAYS RAIN AVG  HI  TIME    DIR BAROM HUM
---------------------------------------------------------------------------------------
1    58.5  76.1   2:40pm  45.9   6:42am    8    2  0.00   0   9   9:41am  SW 30.00   71
2    61.0  77.0   2:39pm  48.1   5:46am    6    3  0.00   0   8  11:45am SSW 30.06   70
3    59.9  77.7   2:12pm  47.7   7:02am    6    2  0.00   0   9   2:06pm WSW 30.06   73
4    60.9  77.4   2:05pm  48.1   6:59am    6    2  0.00   0   9   2:50pm WSW 30.02   77
5    58.7  66.8   1:36pm  49.5   6:44am    6    0  0.01   1  13   5:00pm   S 29.96   91
6    58.0  65.5  12:48pm  52.3  11:57pm    7    0  0.00   1  10   2:48pm   S 30.01   90
7    59.9  78.7  12:10pm  49.0   4:31am    7    2  0.01   0  10  12:22pm SSW 30.16   84
8    60.7  77.3   2:00pm  46.4   6:33am    6    2  0.01   1  11   3:26pm WSW 30.07   72
9    56.9  63.2  12:12pm  48.5   6:55am    7    0  0.00   2  19   3:01pm   S 29.98   88
10   59.4  65.2  12:04pm  53.5  11:58pm    5    0  0.00   1  16   2:47pm   S 29.90   85
11   57.8  67.7  11:15am  48.6   6:45am    7    0  0.00   1  12   2:46pm SSW 29.89   85
12   57.1  62.6  12:50pm  52.3  11:57pm    7    0  0.06   2  16   2:17pm WSW 29.88   78
13   56.6  64.8   2:10pm  50.3   3:46am    8    0  0.00   1  14  12:54pm SSW 30.10   72
14   59.5  67.8  12:55pm  53.0   3:23am    5    0  0.00   1  11  12:57pm SSW 30.09   71
15   59.5  69.3  12:21pm  50.3   7:02am    6    1  0.00   1  16   1:11pm   W 30.09   76
16   62.9  75.9   1:26pm  50.6  11:59pm    5    3  0.00   1  20   2:58pm   W 30.11   35
17   57.9  71.7   2:25pm  43.5   6:57am    7    1  0.00   1  11   4:41pm WSW 30.08   57
18   56.7  66.8   1:45pm  45.4   6:42am    8    0  0.00   1  15  11:46pm SSW 29.95   78
19   53.7  57.4   2:15pm  49.0  11:53pm   11    0  0.00   7  29   3:38pm   W 29.92   48
20   48.8  58.2   2:22pm  36.2   6:22am   14    0  0.00   1  15  12:00am  SW 30.12   48
21   50.4  59.5   1:41pm  40.9   1:00am   13    0  0.00   1  14   2:21pm   W 30.14   61
22   51.9  60.2  12:08pm  42.4   2:49am   12    0  0.00   2  17   5:01pm   W 30.20   73
23   52.1  58.1   2:48pm  41.7  11:58pm   13    0  0.00   5  22  11:38am WNW 30.20   51
24   50.4  61.6  12:41pm  35.6   6:28am   13    0  0.00   1  12   4:30pm   W 30.28   57
25   53.9  67.3   2:30pm  41.3   6:32am   11    0  0.00   1  14   4:44pm   W 30.16   60
26   52.9  62.0  11:45am  41.1   5:24am   12    0  0.14   1  20  11:12pm   W 30.00   75
27   50.1  56.3  11:20am  43.3  11:58pm   14    0  0.10   1  14  12:00am SSW 29.99   75
28   50.9  59.2   2:31pm  39.7   6:06am   13    0  0.00   1  15   1:14pm   S 30.19   77
---------------------------------------------------------------------------------------
TOT  56.3  78.7   2/7/18  35.6  2/24/18  245   18  0.33   1  29  2/19/18   W 30.06   71

HEAT BASE: 65.0
COOL BASE: 65.0