NOAA-Style Climate Reports

Select a Year or Month report
2021: Jan Feb Mar Apr May Jun Jul Aug Sep Oct Nov Dec
2020: Jan Feb Mar Apr May Jun Jul Aug Sep Oct Nov Dec
2019: Jan Feb Mar Apr May Jun Jul Aug Sep Oct Nov Dec
2018: Jan Feb Mar Apr May Jun Jul Aug Sep Oct Nov Dec
2017: Jan Feb Mar Apr May Jun Jul Aug Sep Oct Nov Dec
2016: Jan Feb Mar Apr May Jun Jul Aug Sep Oct Nov Dec
2015: Jan Feb Mar Apr May Jun Jul Aug Sep Oct Nov Dec
2014: Jan Feb Mar Apr May Jun Jul Aug Sep Oct Nov Dec
2013: Jan Feb Mar Apr May Jun Jul Aug Sep Oct Nov Dec
2012: Jan Feb Mar Apr May Jun Jul Aug Sep Oct Nov Dec
2011: Jan Feb Mar Apr May Jun Jul Aug Sep Oct Nov Dec
2010: Jan Feb Mar Apr May Jun Jul Aug Sep Oct Nov Dec
2009: Jan Feb Mar Apr May Jun Jul Aug Sep Oct Nov Dec
2008: Jan Feb Mar Apr May Jun Jul Aug Sep Oct Nov Dec
2007: Jan Feb Mar Apr May Jun Jul Aug Sep Oct Nov Dec
2006: Jan Feb Mar Apr May Jun Jul Aug Sep Oct Nov Dec
2005: Jan Feb Mar Apr May Jun Jul Aug Sep Oct Nov Dec
2004: Jan Feb Mar Apr May Jun Jul Aug Sep Oct Nov Dec

Report for 2018 April
                  MONTHLY CLIMATOLOGICAL SUMMARY FOR 4/2018
                                        HEAT  COOL        
     MEAN                               DEG   DEG       WIND SPEED       DOM MEAN  MEAN
DAY  TEMP  HIGH   TIME     LOW   TIME   DAYS  DAYS RAIN AVG  HI  TIME    DIR BAROM HUM
---------------------------------------------------------------------------------------
1    57.8  62.2   2:23pm  55.0   6:20am    6    0  0.00   1  11  12:59pm SSW 29.93   88
2    59.8  64.3   1:55pm  56.1   1:30am    5    0  0.00   1  13  12:59pm   S 29.88   83
3    60.2  67.4   2:15pm  54.2   4:12am    5    0  0.00   1  14   3:35pm WSW 29.97   84
4    57.5  62.7   3:56pm  54.4   2:09am    8    0  0.00   0  10   4:42pm WSW 30.05   93
5    58.1  64.4   3:23pm  55.6   5:08am    6    0  0.00   0  10   3:25pm  SW 30.03   90
6    60.2  67.2   4:08pm  53.8   5:31am    5    0  0.00   1  13   3:35pm  SW 29.98   84
7    61.9  68.0   3:06pm  57.7   2:49am    3    0  0.00   1  13   3:31pm SSW 29.97   90
8    62.0  68.3   4:04pm  57.3   6:10am    3    1  0.00   1  13   2:02pm WSW 29.95   85
9    66.9  84.0   5:28pm  51.7   6:46am    4    5  0.00   1  16   9:00pm  SW 29.92   74
10   68.0  83.7  12:15pm  56.5   6:38am    2    5  0.00   1  10   2:42pm  SW 29.99   69
11   62.3  70.0   9:55am  55.7   6:30am    3    1  0.01   2  17   4:45pm   S 29.96   86
12   61.7  69.0   4:20pm  55.6   3:43am    4    0  0.00   4  24   3:03pm   W 30.02   62
13   61.4  76.5   2:15pm  46.8   6:48am    6    2  0.00   2  19   9:52am   W 30.15   51
14   65.7  81.6   1:04pm  49.7   6:39am    5    5  0.00   0  13   4:06pm WSW 30.15   49
15   60.7  71.2  12:12pm  50.1   6:16am    5    1  0.00   1  11  12:17pm WSW 29.99   75
16   57.9  63.6  12:27pm  52.1   6:36am    7    0  0.00   4  25   4:22pm   W 30.03   77
17   57.9  67.4   5:23pm  45.4   6:32am    7    0  0.00   2  15  12:41am   W 30.11   58
18   57.6  67.2   5:17pm  46.9   6:04am    7    0  0.00   2  14   9:21am   S 30.03   76
19   55.9  61.7   2:44pm  49.9   6:33am    8    0  0.07   2  16   2:27pm   W 30.03   77
20   59.6  71.9   1:01pm  51.4   6:32am    6    1  0.00   1  16   2:11pm   W 30.09   76
21   63.1  77.1  11:22am  51.0   6:26am    4    2  0.01   1  11   1:17pm WSW 30.02   75
22   62.8  74.7   2:02pm  52.8   6:32am    4    2  0.00   2  13   4:07pm   S 29.94   79
23   59.6  67.5   2:46pm  55.8  11:54pm    5    0  0.00   1  12   1:24pm WSW 29.99   91
24   58.9  65.7   1:11pm  53.9   5:48am    6    0  0.00   1  12   1:31pm SSW 30.01   86
25   59.7  66.8   3:27pm  55.7   6:34am    5    0  0.00   2  11  11:59am WSW 30.05   85
26   59.3  66.1   3:06pm  55.2  11:58pm    6    0  0.00   1  14   6:31pm   W 30.02   85
27   59.5  65.3   1:42pm  55.0  12:51am    5    0  0.00   1  12   1:54pm WSW 30.00   82
28   59.9  68.1   3:11pm  51.6   5:45am    5    0  0.00   2  13  12:40pm SSW 29.95   84
29   60.4  66.8   2:04pm  55.4   4:38am    4    0  0.00   2  17  10:28am   S 29.97   81
30   60.1  64.4  12:18pm  55.5   2:05am    5    0  0.00   2  16  11:15am   S 29.96   82
---------------------------------------------------------------------------------------
TOT  60.6  84.0   4/9/18  45.4  4/17/18  152   27  0.09   1  25  4/16/18 WSW 30.00   79

HEAT BASE: 65.0
COOL BASE: 65.0