NOAA-Style Climate Reports

Select a Year or Month report
2021: Jan Feb Mar Apr May Jun Jul Aug Sep Oct Nov Dec
2020: Jan Feb Mar Apr May Jun Jul Aug Sep Oct Nov Dec
2019: Jan Feb Mar Apr May Jun Jul Aug Sep Oct Nov Dec
2018: Jan Feb Mar Apr May Jun Jul Aug Sep Oct Nov Dec
2017: Jan Feb Mar Apr May Jun Jul Aug Sep Oct Nov Dec
2016: Jan Feb Mar Apr May Jun Jul Aug Sep Oct Nov Dec
2015: Jan Feb Mar Apr May Jun Jul Aug Sep Oct Nov Dec
2014: Jan Feb Mar Apr May Jun Jul Aug Sep Oct Nov Dec
2013: Jan Feb Mar Apr May Jun Jul Aug Sep Oct Nov Dec
2012: Jan Feb Mar Apr May Jun Jul Aug Sep Oct Nov Dec
2011: Jan Feb Mar Apr May Jun Jul Aug Sep Oct Nov Dec
2010: Jan Feb Mar Apr May Jun Jul Aug Sep Oct Nov Dec
2009: Jan Feb Mar Apr May Jun Jul Aug Sep Oct Nov Dec
2008: Jan Feb Mar Apr May Jun Jul Aug Sep Oct Nov Dec
2007: Jan Feb Mar Apr May Jun Jul Aug Sep Oct Nov Dec
2006: Jan Feb Mar Apr May Jun Jul Aug Sep Oct Nov Dec
2005: Jan Feb Mar Apr May Jun Jul Aug Sep Oct Nov Dec
2004: Jan Feb Mar Apr May Jun Jul Aug Sep Oct Nov Dec

Report for 2018 August
                  MONTHLY CLIMATOLOGICAL SUMMARY FOR 8/2018
                                        HEAT  COOL        
     MEAN                               DEG   DEG       WIND SPEED       DOM MEAN  MEAN
DAY  TEMP  HIGH   TIME     LOW   TIME   DAYS  DAYS RAIN AVG  HI  TIME    DIR BAROM HUM
---------------------------------------------------------------------------------------
1    76.6  86.1  12:33pm  70.5   6:14am    0   10  0.00   1  13   3:24pm  SW 29.91   77
2    74.6  81.9   1:26pm  69.5   5:20am    0    9  0.00   2  12   1:32pm  SW 29.90   85
3    74.7  81.8   3:01pm  68.0   5:57am    0   10  0.00   1  12  11:43am WSW 29.88   84
4    73.8  80.8   2:41pm  69.5   1:48am    0    9  0.00   2  12  11:56am SSW 29.85   86
5    73.3  81.8   3:04pm  65.9   6:28am    0    8  0.00   2  15  12:19pm  SW 29.84   87
6    76.2  85.7   4:59pm  66.3   5:52am    0   10  0.01   1  11   1:24pm  SW 29.80   82
7    75.8  87.4   2:59pm  66.8   6:24am    0   11  0.01   2  18  10:48am   S 29.77   86
8    78.8  89.8  12:49pm  66.8   5:09am    0   13  0.01   2  13   2:01pm   S 29.88   73
9    78.0  87.8  11:10am  70.0   6:15am    0   12  0.00   1  12   2:00pm  SW 29.89   80
10   78.5  86.5   3:42pm  70.6   6:05am    0   13  0.00   2  12  12:55pm SSW 29.97   65
11   77.6  86.5  12:38pm  69.7   6:35am    0   12  0.00   2  18   2:31pm   W 29.96   70
12   74.4  81.0   3:03pm  69.7  11:50pm    0    9  0.00   1  16  12:53pm SSW 29.95   86
13   73.2  80.2   2:40pm  66.9   4:49am    0    8  0.00   1  13   4:33pm WSW 29.94   82
14   72.1  78.1   2:02pm  65.3   6:23am    0    6  0.00   1  12   2:15pm WSW 29.88   85
15   72.9  78.4   1:18pm  69.4  12:17am    0    7  0.00   2  14   5:59pm SSW 29.90   85
16   74.2  79.6   2:31pm  71.3  12:00am    0    9  0.00   1  15   3:33pm   S 29.99   85
17   74.8  80.6   3:35pm  71.4  11:40pm    0   10  0.00   1  13   6:03pm WSW 30.03   86
18   74.2  79.7   1:42pm  70.9  11:15pm    0    9  0.00   1  12  11:45am SSW 30.01   86
19   73.2  79.4  12:41pm  68.1   5:55am    0    8  0.00   1  12   1:59pm SSW 29.91   87
20   73.3  78.0  11:19am  70.3   1:55am    0    8  0.00   1  15   1:12pm SSW 29.90   86
21   73.8  79.6   2:43pm  70.1  10:45pm    0    8  0.00   1  12   2:02pm WSW 29.94   84
22   73.8  79.5   1:46pm  69.5  11:58pm    0    8  0.00   2  13   2:27pm WSW 29.98   83
23   73.5  80.1   2:27pm  68.4  11:58pm    0    8  0.00   2  14   3:33pm   W 29.98   81
24   72.1  77.8   2:15pm  67.9  12:21am    0    7  0.00   1  13  12:51pm WSW 29.92   83
25   72.1  76.8  12:27pm  68.0  11:30pm    0    6  0.00   1  13   2:00pm SSW 29.93   81
26   72.3  78.4   2:34pm  67.3  11:56pm    0    7  0.00   1  12   2:51pm   W 29.96   81
27   71.2  77.6   3:30pm  66.5   1:40am    0    6  0.00   1  12  12:39pm   W 29.93   82
28   71.2  77.8   3:11pm  66.4   1:40am    0    6  0.00   1  13   1:39pm   W 29.92   80
29   72.1  79.9   2:04pm  64.3   4:53am    0    7  0.00   1  13   5:37pm WSW 29.93   79
30   71.0  79.3   4:47pm  62.1   6:47am    0    6  0.01   1  14   2:23pm   W 29.93   80
31   70.2  77.4   1:09pm  62.6   6:48am    0    5  0.00   1  12   1:05pm WSW 29.85   86
---------------------------------------------------------------------------------------
TOT  74.0  89.8   8/8/18  62.1  8/30/18    1  264  0.04   1  18  8/11/18  SW 29.92   82

HEAT BASE: 65.0
COOL BASE: 65.0