NOAA-Style Climate Reports

Select a Year or Month report
2021: Jan Feb Mar Apr May Jun Jul Aug Sep Oct Nov Dec
2020: Jan Feb Mar Apr May Jun Jul Aug Sep Oct Nov Dec
2019: Jan Feb Mar Apr May Jun Jul Aug Sep Oct Nov Dec
2018: Jan Feb Mar Apr May Jun Jul Aug Sep Oct Nov Dec
2017: Jan Feb Mar Apr May Jun Jul Aug Sep Oct Nov Dec
2016: Jan Feb Mar Apr May Jun Jul Aug Sep Oct Nov Dec
2015: Jan Feb Mar Apr May Jun Jul Aug Sep Oct Nov Dec
2014: Jan Feb Mar Apr May Jun Jul Aug Sep Oct Nov Dec
2013: Jan Feb Mar Apr May Jun Jul Aug Sep Oct Nov Dec
2012: Jan Feb Mar Apr May Jun Jul Aug Sep Oct Nov Dec
2011: Jan Feb Mar Apr May Jun Jul Aug Sep Oct Nov Dec
2010: Jan Feb Mar Apr May Jun Jul Aug Sep Oct Nov Dec
2009: Jan Feb Mar Apr May Jun Jul Aug Sep Oct Nov Dec
2008: Jan Feb Mar Apr May Jun Jul Aug Sep Oct Nov Dec
2007: Jan Feb Mar Apr May Jun Jul Aug Sep Oct Nov Dec
2006: Jan Feb Mar Apr May Jun Jul Aug Sep Oct Nov Dec
2005: Jan Feb Mar Apr May Jun Jul Aug Sep Oct Nov Dec
2004: Jan Feb Mar Apr May Jun Jul Aug Sep Oct Nov Dec

Report for 2018 November
                  MONTHLY CLIMATOLOGICAL SUMMARY FOR 11/2018
                                        HEAT  COOL        
     MEAN                               DEG   DEG       WIND SPEED       DOM MEAN  MEAN
DAY  TEMP  HIGH   TIME     LOW   TIME   DAYS  DAYS RAIN AVG  HI  TIME    DIR BAROM HUM
---------------------------------------------------------------------------------------
1    64.2  77.4   3:50pm  52.4   7:16am    4    3  0.00   0   9   1:37pm SSW 30.03   75
2    69.2  87.6  12:27pm  54.8   7:02am    2    6  0.00   1   9   2:35pm  SW 30.02   62
3    66.8  82.4   2:51pm  54.4   6:49am    2    4  0.00   0   7  10:05am  SW 29.95   74
4    64.5  78.6  11:51am  54.4   5:33am    3    2  0.02   0   9   2:20pm SSW 29.93   90
5    62.8  69.6  12:55pm  55.2   6:13am    3    1  0.00   1  12   1:17pm   S 29.88   91
6    65.0  70.6  11:30am  58.1  11:51pm    2    2  0.00   1  11  12:47pm SSW 29.93   82
7    63.5  70.8   1:01pm  57.4  12:58am    3    1  0.00   1  11  12:50pm   W 29.96   87
8    67.6  75.2   5:46pm  58.7  12:00am    1    4  0.00   3  25   5:30pm  NE 29.96   62
9    71.3  82.3  12:25pm  55.9  11:59pm    1    7  0.00   3  21   6:10am ENE 29.99   14
10   60.8  76.0   1:33pm  48.0   5:46am    6    2  0.00   0   7  10:51am SSW 29.95   51
11   60.5  74.7  12:45pm  46.8   6:44am    6    2  0.00   1  15   5:01pm ENE 30.04   53
12   64.5  78.7   1:54pm  44.8   6:04am    5    4  0.00   2  19  11:45am ENE 30.22   26
13   66.0  79.3   1:40pm  51.8   6:39am    3    4  0.00   1  16   2:26am ENE 30.28   23
14   64.1  78.4  12:55pm  52.5  11:59pm    4    3  0.00   1  12   1:53pm  NE 30.18   37
15   61.2  79.6  12:35pm  46.5   6:27am    7    3  0.00   0   9  12:48pm NNE 30.05   56
16   60.3  73.6  12:56pm  48.7   6:38am    6    2  0.00   0   7   1:17pm WSW 29.99   73
17   58.6  69.0   1:46pm  49.2   6:52am    7    1  0.00   0   9   2:05pm SSW 30.03   88
18   61.1  71.1   3:29pm  52.5   5:18am    5    1  0.01   0   8  10:57am   W 30.04   86
19   58.9  69.6  11:55am  50.6   5:35am    7    1  0.01   0   6  11:56am WSW 30.02   89
20   58.9  71.8  12:52pm  49.7   6:46am    7    1  0.01   0   9   1:08pm  SW 30.02   87
21   59.9  69.1  11:44am  50.7   3:47am    6    1  0.02   0   8  12:32pm SSW 30.11   88
22   61.2  67.4  11:42am  55.5  11:55pm    4    0  0.40   1  15   2:30pm   W 30.15   90
23   60.1  68.1   1:13pm  53.7   4:38am    5    0  0.00   1  12   2:54pm WSW 30.11   89
24   60.7  69.2   2:00pm  53.9   2:05am    5    1  0.01   1  12  11:30am   S 29.94   91
25   61.5  73.6   1:30pm  51.8   7:00am    5    2  0.01   0  10   2:30pm   W 29.99   89
26   60.6  74.3   1:06pm  50.3   6:30am    6    2  0.01   0   8  11:40am WSW 30.08   83
27   59.2  70.4   1:50pm  48.4   6:54am    7    1  0.00   0   8  11:29am SSW 30.04   80
28   59.5  66.9  12:08pm  51.4   4:44am    6    0  0.05   1  12  11:52am SSE 29.94   88
29   59.7  64.0   2:27pm  56.2  10:03pm    5    0  0.92   2  21   3:41pm   W 29.82   93
30   59.0  65.8  11:24am  51.5  11:57pm    5    0  0.10   1  14   4:26pm   W 29.92   84
---------------------------------------------------------------------------------------
TOT  62.4  87.6  11/2/18  44.8 11/12/18  136   60  1.57   1  25  11/8/18 ENE 30.02   73

HEAT BASE: 65.0
COOL BASE: 65.0