NOAA-Style Climate Reports

Select a Year or Month report
2021: Jan Feb Mar Apr May Jun Jul Aug Sep Oct Nov Dec
2020: Jan Feb Mar Apr May Jun Jul Aug Sep Oct Nov Dec
2019: Jan Feb Mar Apr May Jun Jul Aug Sep Oct Nov Dec
2018: Jan Feb Mar Apr May Jun Jul Aug Sep Oct Nov Dec
2017: Jan Feb Mar Apr May Jun Jul Aug Sep Oct Nov Dec
2016: Jan Feb Mar Apr May Jun Jul Aug Sep Oct Nov Dec
2015: Jan Feb Mar Apr May Jun Jul Aug Sep Oct Nov Dec
2014: Jan Feb Mar Apr May Jun Jul Aug Sep Oct Nov Dec
2013: Jan Feb Mar Apr May Jun Jul Aug Sep Oct Nov Dec
2012: Jan Feb Mar Apr May Jun Jul Aug Sep Oct Nov Dec
2011: Jan Feb Mar Apr May Jun Jul Aug Sep Oct Nov Dec
2010: Jan Feb Mar Apr May Jun Jul Aug Sep Oct Nov Dec
2009: Jan Feb Mar Apr May Jun Jul Aug Sep Oct Nov Dec
2008: Jan Feb Mar Apr May Jun Jul Aug Sep Oct Nov Dec
2007: Jan Feb Mar Apr May Jun Jul Aug Sep Oct Nov Dec
2006: Jan Feb Mar Apr May Jun Jul Aug Sep Oct Nov Dec
2005: Jan Feb Mar Apr May Jun Jul Aug Sep Oct Nov Dec
2004: Jan Feb Mar Apr May Jun Jul Aug Sep Oct Nov Dec

Report for 2018 December
                  MONTHLY CLIMATOLOGICAL SUMMARY FOR 12/2018
                                        HEAT  COOL        
     MEAN                               DEG   DEG       WIND SPEED       DOM MEAN  MEAN
DAY  TEMP  HIGH   TIME     LOW   TIME   DAYS  DAYS RAIN AVG  HI  TIME    DIR BAROM HUM
---------------------------------------------------------------------------------------
1    57.0  65.9   1:07pm  48.8   6:52am    8    0  0.01   2  17   9:06pm   W 29.96   82
2    55.0  64.4  12:12pm  46.5   6:15am   10    0  0.00   1  16   1:41pm   W 30.02   70
3    55.4  67.7   1:48pm  46.5   2:24am    9    0  0.00   0   9  11:30am   W 30.11   76
4    55.3  70.3  12:31pm  44.5   4:41am   10    1  0.00   0   7   2:18pm  SW 30.02   63
5    52.7  57.0   2:30pm  46.5   1:45am   11    0  0.22   1  12   9:19am   E 29.92   89
6    55.8  60.3   8:57am  53.3  11:23pm    9    0  3.14   1  21  10:41am ENE 29.87   98
7    57.7  70.7  12:06pm  50.0   5:31am    7    0  0.01   0  11   2:23pm   W 30.06   87
8    56.3  67.7   1:31pm  46.8   7:03am    9    0  0.01   0   8  12:30pm SSW 30.24   90
9    56.6  69.4  11:40am  47.3   7:12am    9    0  0.01   0   8   1:29pm WSW 30.22   90
10   56.8  65.5  11:56am  51.2   5:47am    8    0  0.01   0   9  12:35pm SSW 30.06   93
11   57.2  66.5   2:25pm  50.8   7:03am    7    0  0.01   0   8  12:36pm WSW 30.03   92
12   55.3  63.8  11:36am  48.6   4:33am    9    0  0.01   1  13  11:14am   S 30.12   95
13   57.5  75.6   2:31pm  45.1   6:34am    9    2  0.01   0   7   3:05pm   W 30.19   74
14   56.1  65.7   2:04pm  48.0   5:42am    9    0  0.00   0   5   1:58pm WNW 30.14   74
15   56.5  69.0   1:37pm  46.1   6:52am    8    1  0.01   0   8   1:30pm NNE 30.07   80
16   55.6  67.2   1:42pm  44.5   6:46am    9    0  0.01   0  12   2:23pm WSW 30.13   92
17   59.2  65.0   2:22pm  53.3  12:33am    5    0  0.01   0  10   1:00pm SSW 30.17   93
18   58.2  66.7  12:33pm  52.1   4:55am    6    0  0.00   1  10   1:02pm   W 30.18   92
19   58.5  72.2   1:52pm  47.6   6:06am    7    1  0.02   0   8   2:40pm   W 30.14   88
20   56.9  71.5  12:15pm  46.5   6:18am    8    1  0.01   0   7   2:16pm SSW 30.08   89
21   57.0  66.5  12:53pm  50.8   3:42am    8    0  0.01   0   7   9:18am  SW 29.99   94
22   56.5  68.1   2:18pm  50.7   2:36am    8    0  0.02   0   8   2:28pm WSW 30.05   95
23   56.8  65.6   2:41pm  51.7  12:14am    7    0  0.01   0   6  12:35pm   W 30.12   95
24   56.3  63.6   1:47pm  51.0  12:35am    8    0  0.02   0   9  11:53pm SSW 30.01   97
25   59.1  65.2   1:48pm  48.1  11:51pm    6    0  0.00   3  19   6:10am   W 29.83   74
26   53.3  63.0   1:19pm  44.5   6:51am   11    0  0.01   1  12  12:10pm SSW 30.00   86
27   54.3  63.1   2:40pm  45.4   6:07am   10    0  0.00   1  19  11:25pm   S 29.93   79
28   55.9  60.7   1:47pm  51.7   9:27pm    9    0  0.00   7  24  10:35am  NE 30.09   25
29   54.9  64.0  12:43pm  45.2  11:55pm    9    0  0.00   2  19   3:10am  NE 30.24   39
30   51.8  62.3   1:17pm  40.6   7:03am   12    0  0.00   1  11   2:45pm   S 30.05   80
31   55.3  63.2   1:29pm  46.9   6:47am    9    0  0.00   3  25   6:05pm ENE 29.88   58
---------------------------------------------------------------------------------------
TOT  56.2  75.6 12/13/18  40.6 12/30/18  264    7  3.57   1  24 12/28/18   W 30.06   81

HEAT BASE: 65.0
COOL BASE: 65.0