NOAA-Style Climate Reports

Select a Year or Month report
2021: Jan Feb Mar Apr May Jun Jul Aug Sep Oct Nov Dec
2020: Jan Feb Mar Apr May Jun Jul Aug Sep Oct Nov Dec
2019: Jan Feb Mar Apr May Jun Jul Aug Sep Oct Nov Dec
2018: Jan Feb Mar Apr May Jun Jul Aug Sep Oct Nov Dec
2017: Jan Feb Mar Apr May Jun Jul Aug Sep Oct Nov Dec
2016: Jan Feb Mar Apr May Jun Jul Aug Sep Oct Nov Dec
2015: Jan Feb Mar Apr May Jun Jul Aug Sep Oct Nov Dec
2014: Jan Feb Mar Apr May Jun Jul Aug Sep Oct Nov Dec
2013: Jan Feb Mar Apr May Jun Jul Aug Sep Oct Nov Dec
2012: Jan Feb Mar Apr May Jun Jul Aug Sep Oct Nov Dec
2011: Jan Feb Mar Apr May Jun Jul Aug Sep Oct Nov Dec
2010: Jan Feb Mar Apr May Jun Jul Aug Sep Oct Nov Dec
2009: Jan Feb Mar Apr May Jun Jul Aug Sep Oct Nov Dec
2008: Jan Feb Mar Apr May Jun Jul Aug Sep Oct Nov Dec
2007: Jan Feb Mar Apr May Jun Jul Aug Sep Oct Nov Dec
2006: Jan Feb Mar Apr May Jun Jul Aug Sep Oct Nov Dec
2005: Jan Feb Mar Apr May Jun Jul Aug Sep Oct Nov Dec
2004: Jan Feb Mar Apr May Jun Jul Aug Sep Oct Nov Dec

Report for 2019 March
                  MONTHLY CLIMATOLOGICAL SUMMARY FOR 3/2019
                                        HEAT  COOL        
     MEAN                               DEG   DEG       WIND SPEED       DOM MEAN  MEAN
DAY  TEMP  HIGH   TIME     LOW   TIME   DAYS  DAYS RAIN AVG  HI  TIME    DIR BAROM HUM
---------------------------------------------------------------------------------------
1    59.4  66.5   1:14pm  55.3  11:58pm    5    0  0.00   0  10   1:42pm  SW 30.07   91
2    57.9  60.6   2:52pm  54.3  12:47am    6    0  0.87   1  20  11:20am   S 30.03  100
3    58.6  63.0  12:59pm  55.6   5:23am    6    0  0.00   1  12  12:39pm   W 30.09   92
4    56.7  63.0   1:15pm  49.6  11:59pm    8    0  0.00   0  12   1:42pm   W 30.08   86
5    54.7  64.5   2:10pm  45.6   5:58am    8    0  0.02   0  16   3:05pm WSW 29.99   89
6    58.5  60.5   2:06pm  56.2   4:40am    6    0  0.46   2  18  10:36am   S 29.97   93
7    57.7  62.9   1:19pm  52.7   6:45am    7    0  0.01   1  14   3:16pm   W 30.03   83
8    54.0  59.2   1:19pm  47.6   6:05am   11    0  0.00   3  21  12:46pm   W 30.04   77
9    53.5  60.2   2:05pm  46.7   6:11am   11    0  0.00   2  17   3:00pm   W 30.02   79
10   53.1  59.9   4:17pm  46.1   7:16am   10    0  0.00   1  14   3:19pm SSW 29.96   81
11   55.4  67.4   2:35pm  46.3   6:15am    9    0  0.03   1  12   4:31pm   S 29.88   78
12   57.7  64.8   1:28pm  52.1   7:26am    7    0  0.07   2  20  10:41pm  SW 29.79   85
13   56.7  63.8   3:07pm  49.8   6:04am    8    0  0.00   1  15  12:02am   S 29.99   78
14   60.7  71.3   2:39pm  47.2   2:06am    5    1  0.00   2  18   7:28pm ENE 30.14   38
15   65.8  76.8   4:31pm  54.5   6:02am    2    3  0.00   3  18  10:26am ENE 30.08   26
16   65.5  77.8   3:26pm  53.3   5:42am    3    4  0.00   1  14   4:27pm ENE 30.00   37
17   62.6  76.0   1:55pm  48.8   7:06am    5    2  0.00   1  12   8:13pm   S 29.98   65
18   60.3  71.3   2:27pm  50.4   7:02am    5    1  0.00   1  14   7:38pm   S 29.97   76
19   57.7  63.6   2:35pm  51.8   3:13am    7    0  0.00   1  17   4:49pm   S 29.97   91
20   59.6  65.0   2:57pm  56.4  10:19pm    5    0  0.00   2  19   5:01pm   W 30.04   85
21   56.3  61.2   3:38pm  52.1  11:13pm    8    0  0.09   1  12   4:10pm   S 30.13   83
22   56.6  64.7   3:09pm  49.1   6:58am    8    0  0.01   1  12   3:26pm WSW 30.16   86
23   57.6  64.8   2:14pm  49.0   7:12am    7    0  0.00   2  13   3:11pm   W 30.15   87
24   59.3  67.5   2:58pm  51.6   7:15am    6    0  0.01   1  13   2:24pm  SW 30.16   86
25   58.9  69.6  11:57am  49.5   6:17am    6    1  0.00   1  16   4:00pm   W 30.10   84
26   59.5  68.4   2:46pm  49.9   6:07am    5    0  0.01   1   9   3:32pm WSW 30.02   83
27   59.9  67.7   3:57pm  53.5   4:05am    5    0  0.00   1  14   1:06pm   W 30.07   89
28   60.1  66.6   1:27pm  54.2   4:43am    5    0  0.01   1  17   3:15pm   W 30.18   85
29   59.8  67.7   3:11pm  50.4   7:03am    5    0  0.00   1  16   3:30pm   W 30.15   79
30   61.1  73.3   4:14pm  49.2   6:39am    6    2  0.01   1  13   2:51pm   W 30.03   75
31   64.2  77.4   1:50pm  49.8   6:52am    4    3  0.00   1  10   2:52pm  SW 30.00   64
---------------------------------------------------------------------------------------
TOT  58.7  77.8  3/16/19  45.6   3/5/19  199   18  1.60   1  21   3/8/19   W 30.04   78

HEAT BASE: 65.0
COOL BASE: 65.0