NOAA-Style Climate Reports

Select a Year or Month report
2021: Jan Feb Mar Apr May Jun Jul Aug Sep Oct Nov Dec
2020: Jan Feb Mar Apr May Jun Jul Aug Sep Oct Nov Dec
2019: Jan Feb Mar Apr May Jun Jul Aug Sep Oct Nov Dec
2018: Jan Feb Mar Apr May Jun Jul Aug Sep Oct Nov Dec
2017: Jan Feb Mar Apr May Jun Jul Aug Sep Oct Nov Dec
2016: Jan Feb Mar Apr May Jun Jul Aug Sep Oct Nov Dec
2015: Jan Feb Mar Apr May Jun Jul Aug Sep Oct Nov Dec
2014: Jan Feb Mar Apr May Jun Jul Aug Sep Oct Nov Dec
2013: Jan Feb Mar Apr May Jun Jul Aug Sep Oct Nov Dec
2012: Jan Feb Mar Apr May Jun Jul Aug Sep Oct Nov Dec
2011: Jan Feb Mar Apr May Jun Jul Aug Sep Oct Nov Dec
2010: Jan Feb Mar Apr May Jun Jul Aug Sep Oct Nov Dec
2009: Jan Feb Mar Apr May Jun Jul Aug Sep Oct Nov Dec
2008: Jan Feb Mar Apr May Jun Jul Aug Sep Oct Nov Dec
2007: Jan Feb Mar Apr May Jun Jul Aug Sep Oct Nov Dec
2006: Jan Feb Mar Apr May Jun Jul Aug Sep Oct Nov Dec
2005: Jan Feb Mar Apr May Jun Jul Aug Sep Oct Nov Dec
2004: Jan Feb Mar Apr May Jun Jul Aug Sep Oct Nov Dec

Report for 2019 April
                  MONTHLY CLIMATOLOGICAL SUMMARY FOR 4/2019
                                        HEAT  COOL        
     MEAN                               DEG   DEG       WIND SPEED       DOM MEAN  MEAN
DAY  TEMP  HIGH   TIME     LOW   TIME   DAYS  DAYS RAIN AVG  HI  TIME    DIR BAROM HUM
---------------------------------------------------------------------------------------
1    67.6  79.2   2:20pm  55.0   6:40am    2    5  0.00   1  12   2:54pm WSW 29.93   58
2    61.3  65.9   1:10pm  56.5   5:14am    4    0  0.00   2  17  12:30pm WSW 29.94   86
3    60.3  65.2   2:34pm  55.5   6:59am    4    0  0.00   1  14   1:23pm   S 30.05   83
4    60.2  65.8   2:48pm  54.9   2:22am    4    0  0.00   1  12   2:02pm  SW 30.07   78
5    60.8  65.9   2:48pm  55.5   7:03am    4    0  0.00   2  17   4:43pm   W 30.03   79
6    61.5  67.2   2:44pm  57.2   6:58am    4    0  0.00   1  14   3:37pm WSW 30.09   85
7    63.7  77.4   2:17pm  55.3   6:48am    3    2  0.01   1  12   2:44pm   W 30.12   84
8    68.2  81.9  12:51pm  55.6   6:32am    2    5  0.00   1  10   2:25pm  SW 30.04   74
9    64.7  68.7   5:50pm  59.8   6:22am    1    1  0.00   3  26  10:57pm   W 29.97   76
10   64.7  73.6  11:11am  55.9  11:58pm    2    2  0.00   5  26   1:07am WNW 30.04   47
11   59.7  67.3   4:09pm  49.1   6:25am    5    0  0.00   1  12   3:00pm   S 29.96   78
12   60.6  68.8   1:45pm  53.0   6:41am    5    0  0.00   2  21   2:54pm   W 29.80   80
13   62.1  72.5  12:29pm  51.0   6:14am    5    2  0.00   1  12   2:46pm  SW 29.96   76
14   60.3  70.6   1:30pm  51.4   6:41am    5    1  0.01   1  11   9:55am WSW 29.95   84
15   57.8  63.9   1:59pm  52.8   6:15am    7    0  0.01   1  10  12:34pm   S 29.90   87
16   60.1  66.1   3:21pm  55.6  11:56pm    5    0  0.00   2  17   4:36pm   S 29.99   80
17   61.3  71.5   6:24pm  51.9   5:06am    5    1  0.00   1  14   2:45pm   W 30.11   80
18   63.4  75.2   3:53pm  52.4   6:25am    4    3  0.00   1  13   4:30pm WSW 30.07   78
19   59.9  66.3   1:03pm  56.4   3:13am    5    0  0.00   1  13   3:16pm WSW 29.96   91
20   59.6  65.1   1:35pm  56.4  11:58pm    5    0  0.00   1  11   1:44pm   W 29.98   83
21   59.1  65.6  12:51pm  52.9   6:10am    6    0  0.00   1  12   1:27pm  SW 30.01   82
22   59.7  67.2   1:30pm  51.3   6:12am    5    0  0.00   1  13   2:35pm  SW 29.99   85
23   60.7  67.7   5:16pm  53.4   6:03am    4    0  0.01   2  12  12:51pm   S 29.96   91
24   62.0  68.4   2:34pm  56.7   4:19am    3    0  0.00   1  15  12:49pm   S 29.97   91
25   61.8  68.0   3:48pm  57.9  10:47pm    3    0  0.00   1  12   1:00pm   S 29.98   88
26   61.3  67.2  10:20am  58.4  12:00am    4    0  0.00   1  13   1:04pm  SW 30.00   87
27   60.8  67.4   3:18pm  58.3   6:46am    4    0  0.00   1  12   4:06pm   W 29.97   88
28   61.1  68.1  11:33am  57.7   1:35am    4    0  0.00   1  12  12:37pm   S 29.88   86
29   61.2  67.2   1:35pm  57.4   3:35am    4    0  0.03   1  13   2:26pm   S 29.86   87
30   61.1  66.9   3:21pm  55.3  11:57pm    4    0  0.01   1  13  12:29pm   W 29.97   80
---------------------------------------------------------------------------------------
TOT  61.6  81.9   4/8/19  49.1  4/11/19  122   24  0.08   1  26   4/9/19  SW 29.98   81

HEAT BASE: 65.0
COOL BASE: 65.0