NOAA-Style Climate Reports

Select a Year or Month report
2021: Jan Feb Mar Apr May Jun Jul Aug Sep Oct Nov Dec
2020: Jan Feb Mar Apr May Jun Jul Aug Sep Oct Nov Dec
2019: Jan Feb Mar Apr May Jun Jul Aug Sep Oct Nov Dec
2018: Jan Feb Mar Apr May Jun Jul Aug Sep Oct Nov Dec
2017: Jan Feb Mar Apr May Jun Jul Aug Sep Oct Nov Dec
2016: Jan Feb Mar Apr May Jun Jul Aug Sep Oct Nov Dec
2015: Jan Feb Mar Apr May Jun Jul Aug Sep Oct Nov Dec
2014: Jan Feb Mar Apr May Jun Jul Aug Sep Oct Nov Dec
2013: Jan Feb Mar Apr May Jun Jul Aug Sep Oct Nov Dec
2012: Jan Feb Mar Apr May Jun Jul Aug Sep Oct Nov Dec
2011: Jan Feb Mar Apr May Jun Jul Aug Sep Oct Nov Dec
2010: Jan Feb Mar Apr May Jun Jul Aug Sep Oct Nov Dec
2009: Jan Feb Mar Apr May Jun Jul Aug Sep Oct Nov Dec
2008: Jan Feb Mar Apr May Jun Jul Aug Sep Oct Nov Dec
2007: Jan Feb Mar Apr May Jun Jul Aug Sep Oct Nov Dec
2006: Jan Feb Mar Apr May Jun Jul Aug Sep Oct Nov Dec
2005: Jan Feb Mar Apr May Jun Jul Aug Sep Oct Nov Dec
2004: Jan Feb Mar Apr May Jun Jul Aug Sep Oct Nov Dec

Report for 2019 August
                  MONTHLY CLIMATOLOGICAL SUMMARY FOR 8/2019
                                        HEAT  COOL        
     MEAN                               DEG   DEG       WIND SPEED       DOM MEAN  MEAN
DAY  TEMP  HIGH   TIME     LOW   TIME   DAYS  DAYS RAIN AVG  HI  TIME    DIR BAROM HUM
---------------------------------------------------------------------------------------
1    67.9  77.6   1:36pm  63.7   3:30am    0    2  0.00   0   8  12:30pm SSW 29.95   92
2    70.3  78.7   2:23pm  63.6   3:31am    0    5  0.00   1  10   2:53pm WSW 29.93   88
3    69.7  75.9   4:39pm  64.6   4:41am    0    5  0.01   1  12  11:36am   S 29.91   90
4    70.5  77.5   3:52pm  65.9  11:45pm    0    5  0.00   1  10   1:17pm SSW 29.92   88
5    71.5  79.4   3:49pm  66.1  12:00am    0    6  0.00   1  11   1:06pm WSW 29.91   85
6    70.7  79.3   3:11pm  64.9   5:30am    0    6  0.00   2  13   4:42pm WSW 29.90   87
7    68.7  74.9   5:01pm  65.4   9:54pm    0    4  0.00   2  12  11:27am   S 29.93   89
8    68.2  75.8   3:46pm  64.4  11:52pm    0    3  0.00   1  11   1:33pm WSW 29.92   89
9    67.9  75.0   3:26pm  62.0   2:44am    1    3  0.00   1  12   2:52pm   S 29.90   89
10   68.4  75.2   4:10pm  60.8   5:40am    1    4  0.01   1  12   4:26pm   S 29.92   89
11   68.3  72.4  11:21am  65.2  12:38am    0    3  0.00   1  14   1:59pm   S 29.95   90
12   67.9  73.5   3:57pm  64.5   2:55am    0    3  0.00   1  11   1:57pm   S 29.96   90
13   69.1  76.2   3:42pm  64.4  11:55pm    0    4  0.00   1  11   4:27pm WSW 29.95   88
14   68.7  78.7   4:02pm  62.8   2:20am    0    4  0.00   1   9   1:52pm WSW 29.95   88
15   67.8  76.2   3:36pm  63.0   7:01am    1    3  0.00   1  10   3:36pm WSW 29.93   88
16   66.6  72.4  10:45am  62.6   3:56am    1    2  0.00   1  14   3:36pm   S 29.92   89
17   68.5  73.1   4:09pm  65.4  12:00am    0    3  0.00   1  11  12:15pm   S 29.89   82
18   68.8  75.4  12:35pm  64.7  11:44pm    0    4  0.00   1  11   4:24pm WSW 29.90   84
19   70.0  77.3   3:10pm  63.5   1:40am    0    5  0.00   1  11   1:32pm   W 29.93   84
20   69.6  77.9   3:09pm  61.2   5:54am    1    5  0.00   1  11   1:04pm WSW 29.91   85
21   70.5  80.2   3:03pm  60.7   5:37am    1    6  0.01   1  12   2:30pm   S 29.82   85
22   68.4  72.3   1:24pm  64.6  11:36pm    0    3  0.01   2  18   3:34pm   S 29.78   89
23   69.6  74.8   4:27pm  64.8  12:00am    0    4  0.00   1  14  10:09am   S 29.85   83
24   71.7  81.3   3:36pm  62.8   6:40am    0    7  0.00   1  11   3:14pm WSW 29.91   85
25   74.2  84.4   1:08pm  66.0   6:28am    0    8  0.00   1  11   4:38pm WSW 29.94   81
26   73.6  81.0  12:14pm  67.2   6:15am    0    8  0.00   1  11   1:22pm SSW 29.85   83
27   71.7  77.3   1:36pm  66.9   6:11am    0    6  0.00   1  13  12:08pm   S 29.84   89
28   71.4  75.5   1:50pm  68.9  11:57pm    0    6  0.00   1  14   1:54pm   S 29.92   88
29   72.7  81.0   5:42pm  65.9   5:19am    0    7  0.00   1  11   3:18pm WSW 29.94   87
30   73.6  82.9   2:31pm  66.9   6:20am    0    8  0.00   1  11   4:47pm SSW 29.92   88
31   73.1  83.7   1:30pm  67.9   3:38am    0    8  0.00   1  11   2:29pm WSW 29.88   88
---------------------------------------------------------------------------------------
TOT  70.1  84.4  8/25/19  60.7  8/21/19    5  148  0.04   1  18  8/22/19   S 29.91   87

HEAT BASE: 65.0
COOL BASE: 65.0