NOAA-Style Climate Reports

Select a Year or Month report
2021: Jan Feb Mar Apr May Jun Jul Aug Sep Oct Nov Dec
2020: Jan Feb Mar Apr May Jun Jul Aug Sep Oct Nov Dec
2019: Jan Feb Mar Apr May Jun Jul Aug Sep Oct Nov Dec
2018: Jan Feb Mar Apr May Jun Jul Aug Sep Oct Nov Dec
2017: Jan Feb Mar Apr May Jun Jul Aug Sep Oct Nov Dec
2016: Jan Feb Mar Apr May Jun Jul Aug Sep Oct Nov Dec
2015: Jan Feb Mar Apr May Jun Jul Aug Sep Oct Nov Dec
2014: Jan Feb Mar Apr May Jun Jul Aug Sep Oct Nov Dec
2013: Jan Feb Mar Apr May Jun Jul Aug Sep Oct Nov Dec
2012: Jan Feb Mar Apr May Jun Jul Aug Sep Oct Nov Dec
2011: Jan Feb Mar Apr May Jun Jul Aug Sep Oct Nov Dec
2010: Jan Feb Mar Apr May Jun Jul Aug Sep Oct Nov Dec
2009: Jan Feb Mar Apr May Jun Jul Aug Sep Oct Nov Dec
2008: Jan Feb Mar Apr May Jun Jul Aug Sep Oct Nov Dec
2007: Jan Feb Mar Apr May Jun Jul Aug Sep Oct Nov Dec
2006: Jan Feb Mar Apr May Jun Jul Aug Sep Oct Nov Dec
2005: Jan Feb Mar Apr May Jun Jul Aug Sep Oct Nov Dec
2004: Jan Feb Mar Apr May Jun Jul Aug Sep Oct Nov Dec

Report for 2019 November
                  MONTHLY CLIMATOLOGICAL SUMMARY FOR 11/2019
                                        HEAT  COOL        
     MEAN                               DEG   DEG       WIND SPEED       DOM MEAN  MEAN
DAY  TEMP  HIGH   TIME     LOW   TIME   DAYS  DAYS RAIN AVG  HI  TIME    DIR BAROM HUM
---------------------------------------------------------------------------------------
1    59.1  79.3   1:26pm  43.1   6:34am    9    3  0.00   0   8  12:46pm WSW 30.06   60
2    61.2  80.3   1:19pm  46.8   7:17am    6    3  0.00   0   6   1:10pm   W 30.02   71
3    59.6  74.5  12:10pm  45.9   6:37am    7    2  0.00   1   9   2:03pm SSW 29.96   76
4    59.8  75.8  11:12am  47.0   6:16am    7    2  0.00   0  11   2:49pm   W 29.95   77
5    61.2  74.0   2:01pm  49.3   3:32am    5    2  0.01   0   8  11:50am WSW 29.98   84
6    61.8  69.5  12:24pm  54.3   1:52am    4    1  0.01   0   9  11:24am   S 29.98   92
7    62.8  70.8   2:22pm  57.0  11:20pm    3    1  0.00   0   8  11:04am   W 30.06   88
8    64.9  78.7   2:54pm  56.6   7:08am    3    3  0.00   0   7  12:57pm WSW 30.06   84
9    65.2  82.3   1:32pm  51.0   6:22am    4    4  0.01   1  13   9:46pm   S 29.98   75
10   61.3  68.2   1:30pm  53.2   6:11am    4    0  0.00   1  10  10:34am   S 29.98   91
11   62.2  68.9   2:30pm  55.8  11:53pm    3    1  0.00   0   7  11:38am WSW 30.02   88
12   60.5  72.6  12:58pm  53.8   2:57am    5    1  0.01   0   6  12:58pm   W 30.03   94
13   60.4  68.5   1:20pm  54.2  11:52pm    5    0  0.01   0   9   1:25pm   W 30.01   94
14   61.0  69.5  11:41am  53.5  12:45am    5    1  0.00   0  11   2:33pm   W 30.09   90
15   59.9  68.3   1:43pm  54.5   4:30am    5    0  0.00   0  13   2:48pm   W 30.06   91
16   60.4  71.8   1:30pm  49.8   6:31am    5    1  0.02   0   8  11:33am   S 29.97   92
17   67.5  88.3  12:45pm  52.3   6:21am    4    6  0.01   0   7  10:39am SSW 29.94   66
18   67.7  89.5   1:58pm  51.8   6:35am    3    6  0.00   0  10   8:28pm   W 29.85   53
19   64.3  74.6  12:34pm  55.9   5:25am    3    2  0.00   1  15   4:52pm   S 29.69   74
20   56.9  63.1  12:19am  51.7   7:13pm    8    0  0.11   2  19   4:27am WSW 29.61   84
21   57.5  64.6   2:15pm  51.5   3:30am    7    0  0.01   0  11  12:27pm   S 29.90   88
22   58.8  69.5   2:22pm  48.5   6:44am    6    1  0.00   0   7  11:39am   W 30.11   78
23   59.7  73.2   1:54pm  49.3   6:47am    6    2  0.00   0  11   2:24pm WSW 30.09   73
24   59.0  72.7   1:45pm  47.6   6:53am    7    1  0.00   0  10  11:46am   S 30.04   71
25   56.5  65.4  12:28pm  46.0   5:22am    8    0  0.01   1  14  11:30am   S 29.87   87
26   58.8  68.8  12:11pm  50.8   2:58am    6    1  0.00   0  10   9:46am   W 29.87   56
27   53.3  59.1   7:52am  49.0  11:47pm   11    0  0.50   1  15   7:25am   S 29.69   85
28   49.0  53.3   8:03am  45.8   8:41pm   15    0  1.18   2  16   6:40am ENE 29.61   98
29   49.6  57.9  12:42pm  43.1   5:37am   13    0  0.15   1  18   1:13pm   W 29.87   87
30   52.9  60.3  12:19pm  43.1   6:28am   11    0  0.01   0   6   1:14pm   S 30.13   80
---------------------------------------------------------------------------------------
TOT  59.7  89.5 11/18/19  43.1  11/1/19  190   43  2.05   1  16 11/20/19   S 29.95   81

HEAT BASE: 65.0
COOL BASE: 65.0