NOAA-Style Climate Reports

Select a Year or Month report
2021: Jan Feb Mar Apr May Jun Jul Aug Sep Oct Nov Dec
2020: Jan Feb Mar Apr May Jun Jul Aug Sep Oct Nov Dec
2019: Jan Feb Mar Apr May Jun Jul Aug Sep Oct Nov Dec
2018: Jan Feb Mar Apr May Jun Jul Aug Sep Oct Nov Dec
2017: Jan Feb Mar Apr May Jun Jul Aug Sep Oct Nov Dec
2016: Jan Feb Mar Apr May Jun Jul Aug Sep Oct Nov Dec
2015: Jan Feb Mar Apr May Jun Jul Aug Sep Oct Nov Dec
2014: Jan Feb Mar Apr May Jun Jul Aug Sep Oct Nov Dec
2013: Jan Feb Mar Apr May Jun Jul Aug Sep Oct Nov Dec
2012: Jan Feb Mar Apr May Jun Jul Aug Sep Oct Nov Dec
2011: Jan Feb Mar Apr May Jun Jul Aug Sep Oct Nov Dec
2010: Jan Feb Mar Apr May Jun Jul Aug Sep Oct Nov Dec
2009: Jan Feb Mar Apr May Jun Jul Aug Sep Oct Nov Dec
2008: Jan Feb Mar Apr May Jun Jul Aug Sep Oct Nov Dec
2007: Jan Feb Mar Apr May Jun Jul Aug Sep Oct Nov Dec
2006: Jan Feb Mar Apr May Jun Jul Aug Sep Oct Nov Dec
2005: Jan Feb Mar Apr May Jun Jul Aug Sep Oct Nov Dec
2004: Jan Feb Mar Apr May Jun Jul Aug Sep Oct Nov Dec

Report for 2019 December
                  MONTHLY CLIMATOLOGICAL SUMMARY FOR 12/2019
                                        HEAT  COOL        
     MEAN                               DEG   DEG       WIND SPEED       DOM MEAN  MEAN
DAY  TEMP  HIGH   TIME     LOW   TIME   DAYS  DAYS RAIN AVG  HI  TIME    DIR BAROM HUM
---------------------------------------------------------------------------------------
1    55.3  65.6  12:34pm  46.6   6:15am   10    0  0.00   0   8   1:15pm   W 30.10   78
2    56.1  67.2  11:16am  45.8   7:07am    8    0  0.00   0   6   1:16pm WSW 30.11   80
3    57.6  64.0  12:31pm  50.6   2:54am    6    0  0.00   0   5   6:40pm   S 30.04   86
4    58.1  60.9   2:14pm  54.8  11:17pm    7    0  0.95   1  13   9:52am   S 29.96   98
5    57.3  66.7  12:13pm  49.7   5:52am    7    0  0.01   0   7  11:25am WSW 30.09   93
6    57.9  67.7  11:35am  50.9   7:01am    7    0  0.16   0   8  11:54am WSW 30.12   95
7    61.3  66.9  11:11am  58.7  12:01am    3    0  0.00   0  10   1:30pm   S 30.11   96
8    60.4  66.2  12:41pm  55.3  10:10pm    5    0  0.07   0  11   2:08pm   W 30.04   96
9    56.7  65.9   1:49pm  49.2   6:51am    8    0  0.02   0   8   1:00pm WSW 30.07   92
10   55.1  65.1  12:49pm  47.0   6:28am    9    0  0.01   0   5   2:21pm WSW 30.19   94
11   56.1  66.9  12:41pm  48.0   6:48am    8    0  0.02   0   7  12:06pm   W 30.18   90
12   57.4  66.1   2:32pm  49.3   5:40am    7    0  0.01   0   9  12:41pm   S 30.18   94
13   58.2  67.0   1:36pm  51.6   2:42am    6    0  0.00   0   7   1:50pm   W 30.10   96
14   60.1  65.3   2:16pm  55.3  11:57pm    5    0  0.00   1  12  11:25am   S 29.96   91
15   54.9  65.5   2:18pm  45.1  11:55pm   10    0  0.01   1  13   4:10pm WNW 30.02   69
16   55.6  68.1   1:29pm  41.0   7:07am    9    0  0.00   2  17   3:15pm ENE 30.20   48
17   54.0  69.7   2:39pm  41.6   6:49am   10    0  0.00   0   8   1:26am ENE 30.20   43
18   50.9  63.0   1:05pm  39.3   5:39am   13    0  0.00   0  12  12:48pm   W 30.06   67
19   51.3  63.4   2:21pm  39.4   6:57am   13    0  0.00   0   9  11:34am   S 30.12   76
20   54.6  74.2   1:20pm  41.6   6:48am   11    1  0.00   0   6   2:31pm   W 30.18   73
21   55.9  71.9   1:19pm  45.0   6:54am    9    1  0.00   0   5   1:22pm   W 30.08   72
22   56.9  64.5  12:54pm  48.6   6:43am    7    0  0.01   1  13  10:49pm SSE 29.93   74
23   53.2  58.4  12:00am  47.6  11:57pm   12    0  1.22   1  14   3:41am ENE 29.83   96
24   51.2  60.6  12:32pm  43.7   6:54am   13    0  0.01   1  14   2:04pm   W 29.88   91
25   52.5  58.4  10:40am  45.6   6:50am   12    0  0.43   1  16  10:53pm ESE 29.93   87
26   49.4  57.0  12:52pm  44.7   5:28am   15    0  1.58   1  18  12:53am   E 29.81   88
27   49.5  59.6   1:11pm  40.7   6:45am   15    0  0.01   0  10  12:25pm   S 29.95   85
28   51.0  60.4  10:59am  41.1   7:17am   13    0  0.01   0  12  12:08pm   S 30.09   89
29   51.3  60.7   2:29pm  42.1   6:19am   13    0  0.01   0   6   1:45pm   S 30.15   86
30   56.5  61.9  11:00pm  49.0  12:10am    9    0  0.00   2  22   8:30pm  NE 29.98   58
31   62.4  73.0   1:30pm  48.4  11:59pm    4    2  0.00   3  23   9:25am  NE 30.00   49
---------------------------------------------------------------------------------------
TOT  55.4  74.2 12/20/19  39.3 12/18/19  284    5  4.54   1  23 12/31/19 ENE 30.05   82

HEAT BASE: 65.0
COOL BASE: 65.0