NOAA-Style Climate Reports

Select a Year or Month report
2021: Jan Feb Mar Apr May Jun Jul Aug Sep Oct Nov Dec
2020: Jan Feb Mar Apr May Jun Jul Aug Sep Oct Nov Dec
2019: Jan Feb Mar Apr May Jun Jul Aug Sep Oct Nov Dec
2018: Jan Feb Mar Apr May Jun Jul Aug Sep Oct Nov Dec
2017: Jan Feb Mar Apr May Jun Jul Aug Sep Oct Nov Dec
2016: Jan Feb Mar Apr May Jun Jul Aug Sep Oct Nov Dec
2015: Jan Feb Mar Apr May Jun Jul Aug Sep Oct Nov Dec
2014: Jan Feb Mar Apr May Jun Jul Aug Sep Oct Nov Dec
2013: Jan Feb Mar Apr May Jun Jul Aug Sep Oct Nov Dec
2012: Jan Feb Mar Apr May Jun Jul Aug Sep Oct Nov Dec
2011: Jan Feb Mar Apr May Jun Jul Aug Sep Oct Nov Dec
2010: Jan Feb Mar Apr May Jun Jul Aug Sep Oct Nov Dec
2009: Jan Feb Mar Apr May Jun Jul Aug Sep Oct Nov Dec
2008: Jan Feb Mar Apr May Jun Jul Aug Sep Oct Nov Dec
2007: Jan Feb Mar Apr May Jun Jul Aug Sep Oct Nov Dec
2006: Jan Feb Mar Apr May Jun Jul Aug Sep Oct Nov Dec
2005: Jan Feb Mar Apr May Jun Jul Aug Sep Oct Nov Dec
2004: Jan Feb Mar Apr May Jun Jul Aug Sep Oct Nov Dec

Report for 2020 July
                  MONTHLY CLIMATOLOGICAL SUMMARY FOR 7/2020
                                        HEAT  COOL        
     MEAN                               DEG   DEG       WIND SPEED       DOM MEAN  MEAN
DAY  TEMP  HIGH   TIME     LOW   TIME   DAYS  DAYS RAIN AVG  HI  TIME    DIR BAROM HUM
---------------------------------------------------------------------------------------
1    66.0  71.7   4:33pm  63.2   8:05am    0    1  0.00   0   9   6:01pm   S 29.89   87
2    67.7  74.6   3:30pm  62.4  11:54pm    0    3  0.00   1  12   3:30pm WSW 29.93   81
3    68.4  77.6   2:56pm  57.8   6:10am    2    5  0.00   1  10   4:34pm   W 29.97   83
4    70.5  78.4   2:25pm  62.2   5:22am    0    6  0.00   1  11   3:06pm WSW 29.96   81
5    71.7  80.3   2:00pm  63.8   2:34am    0    7  0.01   1  11  12:43pm   S 29.90   81
6    70.3  78.6   3:40pm  63.3   5:50am    0    5  0.00   1  10   4:00pm   S 29.85   87
7    69.6  76.2   5:36pm  64.2   4:07am    0    5  0.01   1  11  11:28am   S 29.86   87
8    68.4  74.3   3:09pm  63.6   4:03am    0    3  0.00   2  12   2:35pm   S 29.87   87
9    69.4  76.4   3:38pm  64.5   4:15am    0    4  0.00   1  11   2:29pm   S 29.89   83
10   72.2  80.6   2:38pm  66.8   4:50am    0    7  0.00   1  10   3:50pm WSW 29.96   82
11   74.7  86.4   4:00pm  65.6   5:47am    0   10  0.00   1  12   2:41pm WSW 29.96   79
12   74.5  83.0   4:59pm  66.7   6:06am    0    9  0.00   1  10   1:00pm  SW 29.88   81
13   71.6  76.5  12:22pm  68.6  11:34pm    0    7  0.00   2  15  10:35am   S 29.89   88
14   70.6  76.2   4:35pm  66.5   9:50pm    0    5  0.00   1  11   2:52pm   W 29.94   82
15   69.7  75.8   1:44pm  64.9  11:58pm    0    5  0.00   1  12   5:52pm   W 29.93   78
16   68.8  75.4   2:21pm  63.6   1:23am    0    4  0.00   1  11   3:33pm WSW 29.91   80
17   69.6  76.2   2:53pm  63.6   3:25am    0    4  0.00   1  11   3:31pm   W 29.96   82
18   68.7  78.2   3:05pm  61.8   6:13am    0    4  0.00   1  12   5:30pm   W 29.97   84
19   67.7  76.8   3:04pm  62.1   5:14am    1    3  0.00   1  14   4:41pm   W 29.95   85
20   67.0  74.3   1:53pm  59.9   5:51am    1    3  0.00   1  11  11:39am WSW 29.92   87
21   66.7  75.1  12:12pm  60.6   6:20am    1    3  0.01   1  11   4:59pm   S 29.86   89
22   66.6  72.7   2:17pm  62.8  12:00am    1    2  0.00   1  12   2:30pm WSW 29.88   87
23   66.3  73.1   3:30pm  62.0  11:49pm    0    2  0.00   1  10   2:14pm   S 29.91   85
24   67.6  74.1   4:08pm  62.2  12:00am    0    3  0.00   1   9   1:49pm   S 29.92   83
25   69.0  75.7   2:31pm  63.8  12:00am    0    4  0.00   1  11   3:21pm WSW 29.92   83
26   66.5  74.9   4:50pm  61.0   4:25am    1    2  0.00   1  12   2:56pm   W 29.93   89
27   66.0  74.4   4:21pm  61.2   6:18am    1    2  0.01   1  11   1:57pm   W 29.91   88
28   65.2  73.1   3:47pm  58.2   5:18am    2    2  0.00   1  10   3:59pm WSW 29.89   89
29   66.5  75.0   3:13pm  60.0   3:02am    1    3  0.01   1  11   4:29pm   W 29.90   87
30   67.9  79.7   5:50pm  61.3   4:19am    1    4  0.00   1  11   2:09pm   W 29.92   85
31   69.9  81.2   4:03pm  62.3   4:46am    0    5  0.00   1  11  12:56pm WSW 29.89   80
---------------------------------------------------------------------------------------
TOT  68.9  86.4  7/11/20  57.8   7/3/20   15  129  0.05   1  15  7/13/20 WSW 29.91   84

HEAT BASE: 65.0
COOL BASE: 65.0