NOAA-Style Climate Reports

Select a Year or Month report
2021: Jan Feb Mar Apr May Jun Jul Aug Sep Oct Nov Dec
2020: Jan Feb Mar Apr May Jun Jul Aug Sep Oct Nov Dec
2019: Jan Feb Mar Apr May Jun Jul Aug Sep Oct Nov Dec
2018: Jan Feb Mar Apr May Jun Jul Aug Sep Oct Nov Dec
2017: Jan Feb Mar Apr May Jun Jul Aug Sep Oct Nov Dec
2016: Jan Feb Mar Apr May Jun Jul Aug Sep Oct Nov Dec
2015: Jan Feb Mar Apr May Jun Jul Aug Sep Oct Nov Dec
2014: Jan Feb Mar Apr May Jun Jul Aug Sep Oct Nov Dec
2013: Jan Feb Mar Apr May Jun Jul Aug Sep Oct Nov Dec
2012: Jan Feb Mar Apr May Jun Jul Aug Sep Oct Nov Dec
2011: Jan Feb Mar Apr May Jun Jul Aug Sep Oct Nov Dec
2010: Jan Feb Mar Apr May Jun Jul Aug Sep Oct Nov Dec
2009: Jan Feb Mar Apr May Jun Jul Aug Sep Oct Nov Dec
2008: Jan Feb Mar Apr May Jun Jul Aug Sep Oct Nov Dec
2007: Jan Feb Mar Apr May Jun Jul Aug Sep Oct Nov Dec
2006: Jan Feb Mar Apr May Jun Jul Aug Sep Oct Nov Dec
2005: Jan Feb Mar Apr May Jun Jul Aug Sep Oct Nov Dec
2004: Jan Feb Mar Apr May Jun Jul Aug Sep Oct Nov Dec

Report for 2020 August
                  MONTHLY CLIMATOLOGICAL SUMMARY FOR 8/2020
                                        HEAT  COOL        
     MEAN                               DEG   DEG       WIND SPEED       DOM MEAN  MEAN
DAY  TEMP  HIGH   TIME     LOW   TIME   DAYS  DAYS RAIN AVG  HI  TIME    DIR BAROM HUM
---------------------------------------------------------------------------------------
1    68.1  75.3   4:02pm  60.0   6:01am    1    4  0.00   2  18  11:30am   S 29.90   90
2    67.4  73.2   2:55pm  63.0   6:32am    0    3  0.00   1  14  12:23pm   S 29.95   94
3    68.4  73.1  12:49pm  65.6   3:59am    0    3  0.00   1  13   2:07pm   S 29.93   91
4    68.6  74.4   1:56pm  65.5  12:09am    0    4  0.00   1  11   2:18pm   S 29.95   89
5    69.0  75.2   3:08pm  65.7   1:08am    0    4  0.00   1  12   1:22pm WSW 29.93   83
6    68.1  72.8   3:37pm  63.6  11:47pm    0    3  0.00   1  12   1:30pm   S 29.91   82
7    68.9  75.4  11:54am  62.8  12:28am    0    4  0.00   1  11  12:12pm WSW 29.92   81
8    68.1  76.1   4:42pm  60.9   6:09am    1    4  0.00   1  11   2:39pm   W 29.96   84
9    67.8  75.7   4:43pm  61.0   6:06am    1    4  0.00   1  12   2:39pm WSW 29.94   85
10   66.8  74.9   2:48pm  60.5   5:09am    1    3  0.01   1  12   4:09pm   W 29.92   87
11   66.5  78.0   3:26pm  59.5   6:30am    2    3  0.01   1  12   5:18pm   W 29.91   86
12   68.1  77.4  12:12pm  58.2   5:49am    2    4  0.01   1  11   6:08pm WSW 29.89   84
13   74.8  88.8  12:46pm  66.0   2:19am    0    9  0.00   1  11   1:02pm   W 29.87   71
14   76.4  90.1   3:20pm  67.1   6:18am    0   11  0.00   1  10   5:28pm   S 29.85   72
15   74.5  81.9  11:43am  67.7   6:28am    0    9  0.00   2  13   1:13pm   S 29.81   81
16   75.0  83.6  12:52pm  70.2   4:16am    0   10  0.00   2  17   1:39pm   S 29.87   83
17   74.7  83.5   3:32pm  68.6   4:04am    0    9  0.00   1   9  12:20pm   S 29.89   87
18   77.4  96.5   1:43pm  69.1   5:28am    0   12  0.00   2  18   4:37pm   S 29.87   82
19   77.7  87.1  11:57am  70.9   6:12am    0   12  0.00   2  13   1:24pm   S 29.82   84
20   76.2  85.3  10:44am  70.5   6:24am    0   11  0.00   1  16   6:17pm   S 29.76   89
21   76.2  83.9  10:39am  69.9   6:29am    0   11  0.00   1  14   1:05pm   S 29.78   88
22   79.9  89.2  11:50am  73.1   3:51am    0   14  0.00   2  13  10:28am   S 29.84   77
23   78.5  86.8   2:08pm  72.9   6:20am    0   13  0.00   1  11   6:13pm WSW 29.86   85
24   75.4  82.1   3:43pm  70.8  11:56pm    0   10  0.00   1  11   2:10pm   W 29.84   88
25   74.0  81.7   1:09pm  68.2   4:50am    0    9  0.00   1  12   2:18pm   W 29.81   87
26   72.2  80.7   2:23pm  66.6   7:01am    0    7  0.00   1  11   4:12pm WSW 29.75   88
27   72.8  83.9   1:08pm  64.8   6:40am    0    7  0.01   1  11   2:19pm WSW 29.73   84
28   69.7  78.2   3:27pm  62.9   5:45am    0    5  0.00   1  12   3:57pm   W 29.80   85
29   67.3  75.6   2:21pm  62.0   3:38am    1    3  0.00   1  10   1:51pm   W 29.87   87
30   67.4  74.6   2:49pm  61.1   2:19am    1    3  0.00   1  10   2:52pm   W 29.85   84
31   66.9  74.8   2:05pm  61.1   3:55am    1    3  0.00   1   9   5:12pm   W 29.86   86
---------------------------------------------------------------------------------------
TOT  71.7  96.5  8/18/20  58.2  8/12/20    9  210  0.04   1  18   8/1/20   S 29.87   85

HEAT BASE: 65.0
COOL BASE: 65.0