NOAA-Style Climate Reports

Select a Year or Month report
2021: Jan Feb Mar Apr May Jun Jul Aug Sep Oct Nov Dec
2020: Jan Feb Mar Apr May Jun Jul Aug Sep Oct Nov Dec
2019: Jan Feb Mar Apr May Jun Jul Aug Sep Oct Nov Dec
2018: Jan Feb Mar Apr May Jun Jul Aug Sep Oct Nov Dec
2017: Jan Feb Mar Apr May Jun Jul Aug Sep Oct Nov Dec
2016: Jan Feb Mar Apr May Jun Jul Aug Sep Oct Nov Dec
2015: Jan Feb Mar Apr May Jun Jul Aug Sep Oct Nov Dec
2014: Jan Feb Mar Apr May Jun Jul Aug Sep Oct Nov Dec
2013: Jan Feb Mar Apr May Jun Jul Aug Sep Oct Nov Dec
2012: Jan Feb Mar Apr May Jun Jul Aug Sep Oct Nov Dec
2011: Jan Feb Mar Apr May Jun Jul Aug Sep Oct Nov Dec
2010: Jan Feb Mar Apr May Jun Jul Aug Sep Oct Nov Dec
2009: Jan Feb Mar Apr May Jun Jul Aug Sep Oct Nov Dec
2008: Jan Feb Mar Apr May Jun Jul Aug Sep Oct Nov Dec
2007: Jan Feb Mar Apr May Jun Jul Aug Sep Oct Nov Dec
2006: Jan Feb Mar Apr May Jun Jul Aug Sep Oct Nov Dec
2005: Jan Feb Mar Apr May Jun Jul Aug Sep Oct Nov Dec
2004: Jan Feb Mar Apr May Jun Jul Aug Sep Oct Nov Dec

Report for 2020 December
                  MONTHLY CLIMATOLOGICAL SUMMARY FOR 12/2020
                                        HEAT  COOL        
     MEAN                               DEG   DEG       WIND SPEED       DOM MEAN  MEAN
DAY  TEMP  HIGH   TIME     LOW   TIME   DAYS  DAYS RAIN AVG  HI  TIME    DIR BAROM HUM
---------------------------------------------------------------------------------------
1    55.2  69.3   2:33pm  42.4   6:15am   11    1  0.00   0   9  11:20am   S 30.05   73
2    58.3  74.4   1:35pm  44.2   5:00am    8    2  0.00   1  15  10:20pm ENE 30.05   61
3    61.9  73.8   2:31pm  45.6  11:57pm    4    1  0.00   2  18   2:35am  NE 30.18   32
4    55.1  74.8  12:29pm  39.9   5:08am   10    2  0.00   1  10   1:08pm   W 30.17   47
5    52.6  69.5  12:40pm  39.6   6:21am   12    1  0.00   0   7  12:24pm   S 30.22   64
6    52.7  70.3   1:40pm  40.1   6:45am   13    0  0.00   1   7  12:32pm WSW 30.15   75
7    54.7  67.4   3:34pm  42.5   3:57am   10    0  0.00   0   5   6:52pm   S 29.99   68
8    68.9  83.6   1:53pm  57.5  11:59pm    1    5  0.00   1  13   5:27am ENE 30.02   30
9    58.6  71.6  12:15pm  49.7  11:57pm    7    1  0.00   1   9  12:26pm   W 30.01   66
10   53.7  62.2  12:22pm  45.2   5:07am   11    0  0.00   1  17   1:15pm   S 30.02   84
11   53.2  63.0   1:25pm  44.7   5:34am   11    0  0.00   1  10   2:13pm  SW 30.11   85
12   54.3  63.7   2:19pm  46.6   4:25am   10    0  0.00   1  13  10:11am   S 30.07   92
13   54.4  67.4   1:29pm  43.4   6:26am   10    0  0.01   0   9  12:01pm SSW 30.20   76
14   55.8  64.2   2:27pm  45.9  11:44pm    9    0  0.01   1  16   2:55pm   W 30.08   82
15   54.4  71.6   1:26pm  41.8   6:39am   11    1  0.00   1  19  11:17am WNW 30.17   65
16   53.9  67.7   1:07pm  42.2   6:03am   11    0  0.00   0   7  11:21am   W 30.11   67
17   53.7  63.2  12:50pm  45.7   4:16am   10    0  0.01   1  10  10:38am   S 30.01   88
18   54.9  71.2   2:26pm  44.8   6:26am   10    0  0.01   0  10  12:48pm   W 30.15   79
19   55.5  71.2   2:24pm  42.5   6:50am    9    1  0.00   1   7  12:50pm   W 30.24   58
20   54.8  75.2   1:23pm  40.1   7:03am   11    1  0.00   0   6   3:12am   E 30.11   70
21   57.3  75.4   2:03pm  44.3   5:00am    9    1  0.00   0   9   9:47am SSW 29.98   68
22   54.8  63.1  12:02pm  44.9   7:04am    9    0  0.00   1  12   2:26pm   S 30.05   85
23   55.4  66.9   2:50pm  47.7   7:16am    9    0  0.00   0   6  11:53am WSW 30.14   85
24   56.4  64.4   4:21pm  48.7   7:33am    8    0  0.01   1  17   2:58pm  NE 30.19   48
25   55.6  74.5   1:22pm  44.0   6:58am   10    1  0.00   0   7   1:37pm   W 30.12   72
26   53.3  66.1   1:26pm  44.1   7:17am   11    0  0.01   0  11   2:33pm WSW 30.11   92
27   55.9  61.4   1:18pm  52.3  11:21pm    9    0  0.00   0   8   3:47pm ENE 29.97   90
28   51.2  58.5   1:33pm  44.9  11:43pm   13    0  0.30   2  20   3:13pm   S 29.90   93
29   51.0  64.4   2:15pm  42.3   7:08am   14    0  0.20   1  12   2:56pm  NW 30.10   83
30   51.1  64.2   2:50pm  38.8   6:35am   14    0  0.05   0   9   3:05pm SSW 30.19   79
31   54.0  66.6   3:00pm  42.3   4:15am   10    0  0.01   1  13   1:28pm WNW 29.98   74
---------------------------------------------------------------------------------------
TOT  55.2  83.6  12/8/20  38.8 12/30/20  306   19  0.62   1  18 12/28/20   S 30.09   72

HEAT BASE: 65.0
COOL BASE: 65.0