NOAA-Style Climate Reports


Report for 2024 May
                  MONTHLY CLIMATOLOGICAL SUMMARY FOR 5/2024
                                        HEAT  COOL        
     MEAN                               DEG   DEG       WIND SPEED       DOM MEAN  MEAN
DAY  TEMP  HIGH   TIME     LOW   TIME   DAYS  DAYS RAIN AVG  HI  TIME    DIR BAROM HUM
---------------------------------------------------------------------------------------
1    64.4  72.2   2:33pm  56.6   6:40am    2    2  0.00   0   0  12:00am   N 29.89   80
2    62.5  69.9   4:04pm  57.5   1:58am    3    1  0.00   0   0  12:00am   N 29.93   86
3    64.0  72.5   1:40pm  59.4   7:17am    2    1  0.00   0   0  12:00am   N 29.91   82
4    62.8  67.8   2:34pm  58.8   8:26pm    2    0  0.00   0   0  12:00am   N 29.94   84
5    61.2  70.1   3:12pm  54.4   6:28am    4    1  0.06   0   0  12:00am   N 29.96   75
6    62.1  73.5  10:46am  50.1   5:54am    5    2  0.00   0   0  12:00am   N 30.03   73
7    61.7  73.9   2:00pm  47.5   6:20am    5    2  0.00   0   0  12:02am   N 29.94   77
8    62.9  72.2  12:43pm  53.6   4:21am    4    2  0.00   0   0  12:00am   N 29.89   79
9    64.7  73.5   1:15pm  58.9  12:02am    2    2  0.00   0   0  12:02am   N 29.96   80
10   65.0  73.1   1:42pm  58.4   1:35am    2    2  0.00   0   0  12:00am   N 29.99   81
11   64.1  71.9   2:14pm  60.1   5:46am    2    2  0.00   0   0  12:00am   N 29.97   82
12   63.6  71.9   1:57pm  59.4   6:13am    3    1  0.00   0   0  12:00am   N 29.97   85
13   62.5  70.6   2:58pm  59.3   3:34am    3    1  0.00   0   0  12:00am   N 29.99   86
14   63.5  70.9   1:27pm  58.7   5:44am    3    1  0.00   0   0  12:00am   N 29.96   80
15   61.8  67.6   3:11pm  58.5   6:04am    3    0  0.00   0   0  12:00am   N 29.96   85
16   63.4  69.0   1:46pm  59.3   3:09am    2    1  0.00   0   0  12:00am   N 29.99   83
17   63.6  70.8   4:00pm  60.2   6:03am    2    1  0.00   0   0  12:00am   N 29.99   84
18   64.3  73.2   3:07pm  59.3   9:43pm    2    1  0.00   0   0  12:00am   N 30.03   82
19   63.9  71.7   3:30pm  58.6  10:12pm    3    1  0.00   0   0  12:00am   N 30.06   78
20   62.9  71.2   3:57pm  58.7   9:20pm    3    1  0.00   0   0  12:00am   N 30.01   80
21   62.7  71.9   3:11pm  55.5   6:02am    4    1  0.00   0   0  12:00am   N 29.99   80
22   63.1  71.8   1:32pm  56.4   1:07am    3    1  0.00   0   0  12:00am   N 30.00   81
23   63.2  67.8   4:24pm  59.8   5:58am    2    1  0.00   0   0  12:00am   N 29.97   80
24   63.1  72.7   2:56pm  58.9   9:54pm    3    1  0.00   0   0  12:00am   N 29.97   82
25   63.2  71.7   3:11pm  57.4   1:19am    3    1  0.00   0   0  12:00am   N 30.02   80
26   63.8  72.7   3:45pm  57.9  11:57pm    3    1  0.00   0   0  12:00am   N 30.04   79
27   62.4  72.4   1:10pm  54.7   2:23am    4    1  0.00   0   0  12:00am   N 30.06   84
28   62.8  72.6   2:11pm  59.2   3:53am    3    1  0.00   0   0  12:00am   N 30.07   86
29   59.4  59.9  12:05am  59.1   1:34am    1    0  0.00   0   0  12:00am   N 30.07   90
---------------------------------------------------------------------------------------
TOT  63.2  73.9   5/7/24  47.5   5/7/24   84   34  0.06   0   0   5/1/24   N 29.98   81

HEAT BASE: 65.0
COOL BASE: 65.0